CRAN Package Check Results for Package data.validator

Last updated on 2021-06-15 07:49:02 CEST.

Flavor Version Tinstall Tcheck Ttotal Status Flags
r-devel-linux-x86_64-debian-clang 0.1.5 5.52 44.96 50.48 NOTE
r-devel-linux-x86_64-debian-gcc 0.1.5 4.69 33.54 38.23 NOTE
r-devel-linux-x86_64-fedora-clang 0.1.5 67.51 NOTE
r-devel-linux-x86_64-fedora-gcc 0.1.5 57.95 NOTE
r-devel-windows-x86_64 0.1.5 10.00 60.00 70.00 NOTE
r-devel-windows-x86_64-gcc10-UCRT 0.1.5 NOTE
r-patched-linux-x86_64 0.1.5 5.39 41.58 46.97 NOTE
r-patched-solaris-x86 0.1.5 83.90 NOTE
r-release-linux-x86_64 0.1.5 4.61 41.80 46.41 NOTE
r-release-macos-arm64 0.1.5 NOTE
r-release-macos-x86_64 0.1.5 NOTE
r-release-windows-ix86+x86_64 0.1.5 14.00 59.00 73.00 NOTE
r-oldrel-macos-x86_64 0.1.5 NOTE
r-oldrel-windows-ix86+x86_64 0.1.5 16.00 66.00 82.00 OK

Check Details

Version: 0.1.5
Check: LazyData
Result: NOTE
     'LazyData' is specified without a 'data' directory
Flavors: r-devel-linux-x86_64-debian-clang, r-devel-linux-x86_64-debian-gcc, r-devel-linux-x86_64-fedora-clang, r-devel-linux-x86_64-fedora-gcc, r-devel-windows-x86_64, r-devel-windows-x86_64-gcc10-UCRT, r-patched-linux-x86_64, r-patched-solaris-x86, r-release-linux-x86_64, r-release-macos-arm64, r-release-macos-x86_64, r-release-windows-ix86+x86_64

Version: 0.1.5
Check: dependencies in R code
Result: NOTE
    Namespaces in Imports field not imported from:
     ‘R6’ ‘rmarkdown’ ‘shiny’
     All declared Imports should be used.
Flavors: r-devel-linux-x86_64-fedora-clang, r-devel-linux-x86_64-fedora-gcc, r-devel-windows-x86_64-gcc10-UCRT, r-patched-solaris-x86, r-release-macos-arm64, r-release-macos-x86_64, r-oldrel-macos-x86_64

Version: 0.1.5
Check: Rd cross-references
Result: NOTE
    Undeclared package ‘tidyselect’ in Rd xrefs
Flavor: r-devel-linux-x86_64-fedora-clang