CRAN Package Check Results for Package dapr

Last updated on 2021-06-20 19:50:22 CEST.

Flavor Version Tinstall Tcheck Ttotal Status Flags
r-devel-linux-x86_64-debian-clang 0.0.3 2.24 23.32 25.56 NOTE
r-devel-linux-x86_64-debian-gcc 0.0.3 1.62 18.41 20.03 NOTE
r-devel-linux-x86_64-fedora-clang 0.0.3 39.50 NOTE
r-devel-linux-x86_64-fedora-gcc 0.0.3 30.27 NOTE
r-devel-windows-x86_64 0.0.3 4.00 30.00 34.00 NOTE
r-devel-windows-x86_64-gcc10-UCRT 0.0.3 NOTE
r-patched-linux-x86_64 0.0.3 1.65 22.74 24.39 NOTE
r-patched-solaris-x86 0.0.3 45.60 NOTE
r-release-linux-x86_64 0.0.3 2.05 22.70 24.75 NOTE
r-release-macos-arm64 0.0.3 NOTE
r-release-macos-x86_64 0.0.3 NOTE
r-release-windows-ix86+x86_64 0.0.3 5.00 38.00 43.00 NOTE
r-oldrel-macos-x86_64 0.0.3 OK

Check Details

Version: 0.0.3
Check: LazyData
Result: NOTE
     'LazyData' is specified without a 'data' directory
Flavors: r-devel-linux-x86_64-debian-clang, r-devel-linux-x86_64-debian-gcc, r-devel-linux-x86_64-fedora-clang, r-devel-linux-x86_64-fedora-gcc, r-devel-windows-x86_64, r-devel-windows-x86_64-gcc10-UCRT, r-patched-linux-x86_64, r-patched-solaris-x86, r-release-linux-x86_64, r-release-macos-arm64, r-release-macos-x86_64, r-release-windows-ix86+x86_64

Version: 0.0.3
Check: package dependencies
Result: NOTE
    Package suggested but not available for checking: 'covr'
Flavor: r-devel-windows-x86_64-gcc10-UCRT