CRAN Package Check Results for Package cvms

Last updated on 2021-03-06 23:48:26 CET.

Flavor Version Tinstall Tcheck Ttotal Status Flags
r-devel-linux-x86_64-debian-clang 1.2.1 17.87 434.04 451.91 OK
r-devel-linux-x86_64-debian-gcc 1.2.1 14.00 324.34 338.34 OK
r-devel-linux-x86_64-fedora-clang 1.2.1 514.10 OK
r-devel-linux-x86_64-fedora-gcc 1.2.1 509.20 OK
r-devel-windows-ix86+x86_64 1.2.1 32.00 488.00 520.00 OK
r-patched-linux-x86_64 1.2.1 16.48 432.09 448.57 OK
r-patched-solaris-x86 1.2.1 594.00 NOTE
r-release-linux-x86_64 1.2.1 16.23 434.06 450.29 OK
r-release-macos-x86_64 1.2.1 OK
r-release-windows-ix86+x86_64 1.2.1 25.00 370.00 395.00 OK
r-oldrel-macos-x86_64 1.2.1 OK
r-oldrel-windows-ix86+x86_64 1.2.1 22.00 366.00 388.00 OK

Check Details

Version: 1.2.1
Check: package dependencies
Result: NOTE
    Package suggested but not available for checking: ‘rsvg’
Flavor: r-patched-solaris-x86