CRAN Package Check Results for Package curephEM

Last updated on 2022-05-24 11:50:03 CEST.

Flavor Version Tinstall Tcheck Ttotal Status Flags
r-devel-linux-x86_64-debian-clang 0.2.3 8.01 108.52 116.53 NOTE
r-devel-linux-x86_64-debian-gcc 0.2.3 8.00 85.30 93.30 NOTE
r-devel-linux-x86_64-fedora-clang 0.2.3 149.04 NOTE
r-devel-linux-x86_64-fedora-gcc 0.2.3 139.15 NOTE
r-devel-windows-x86_64 0.2.3 22.00 134.00 156.00 NOTE
r-patched-linux-x86_64 0.2.3 8.04 105.19 113.23 OK
r-release-linux-x86_64 0.2.3 OK
r-release-macos-arm64 0.2.3 44.00 OK
r-release-macos-x86_64 0.2.3 61.00 OK
r-release-windows-x86_64 0.2.3 22.00 127.00 149.00 OK
r-oldrel-macos-arm64 0.2.3 53.00 OK
r-oldrel-macos-x86_64 0.2.3 60.00 OK
r-oldrel-windows-ix86+x86_64 0.2.3 19.00 121.00 140.00 OK

Check Details

Version: 0.2.3
Check: Rd files
Result: NOTE
    checkRd: (7) cureph-object.Rd:25: \item in \arguments must have non-empty label
    checkRd: (7) survpred-cureph.Rd:49: \item in \value must have non-empty label
Flavors: r-devel-linux-x86_64-debian-clang, r-devel-linux-x86_64-debian-gcc, r-devel-linux-x86_64-fedora-clang, r-devel-linux-x86_64-fedora-gcc, r-devel-windows-x86_64

Version: 0.2.3
Check: HTML version of manual
Result: NOTE
    Found the following problems:
    cureph-object.Rd:77:38: Warning: trimming empty <code>
    survpred-cureph.Rd:116:38: Warning: trimming empty <code>
Flavors: r-devel-linux-x86_64-debian-clang, r-devel-linux-x86_64-debian-gcc