CRAN Package Check Results for Package cubature

Last updated on 2021-05-17 15:48:23 CEST.

Flavor Version Tinstall Tcheck Ttotal Status Flags
r-devel-linux-x86_64-debian-clang 2.0.4.2 78.34 222.29 300.63 NOTE
r-devel-linux-x86_64-debian-gcc 2.0.4.2 49.67 146.10 195.77 NOTE
r-devel-linux-x86_64-fedora-clang 2.0.4.2 369.26 NOTE
r-devel-linux-x86_64-fedora-gcc 2.0.4.2 351.12 NOTE
r-devel-windows-ix86+x86_64 2.0.4.2 67.00 216.00 283.00 NOTE
r-devel-windows-x86_64-gcc10-UCRT 2.0.4.2 NOTE
r-patched-linux-x86_64 2.0.4.2 62.66 209.79 272.45 NOTE
r-patched-solaris-x86 2.0.4.2 359.20 NOTE
r-release-linux-x86_64 2.0.4.2 60.32 213.99 274.31 NOTE
r-release-macos-x86_64 2.0.4.2 NOTE
r-release-windows-ix86+x86_64 2.0.4.2 87.00 233.00 320.00 NOTE
r-oldrel-macos-x86_64 2.0.4.2 NOTE
r-oldrel-windows-ix86+x86_64 2.0.4.1 85.00 283.00 368.00 NOTE

Check Details

Version: 2.0.4.2
Check: for GNU extensions in Makefiles
Result: NOTE
    GNU make is a SystemRequirements.
Flavors: r-devel-linux-x86_64-debian-clang, r-devel-linux-x86_64-debian-gcc, r-devel-linux-x86_64-fedora-clang, r-devel-linux-x86_64-fedora-gcc, r-devel-windows-ix86+x86_64, r-devel-windows-x86_64-gcc10-UCRT, r-patched-linux-x86_64, r-patched-solaris-x86, r-release-linux-x86_64, r-release-macos-x86_64, r-release-windows-ix86+x86_64, r-oldrel-macos-x86_64

Version: 2.0.4.2
Check: installed package size
Result: NOTE
     installed size is 6.9Mb
     sub-directories of 1Mb or more:
     doc 1.3Mb
     libs 5.5Mb
Flavors: r-devel-windows-ix86+x86_64, r-release-windows-ix86+x86_64

Version: 2.0.4.1
Check: installed package size
Result: NOTE
     installed size is 6.4Mb
     sub-directories of 1Mb or more:
     doc 1.3Mb
     libs 4.9Mb
Flavor: r-oldrel-windows-ix86+x86_64

Version: 2.0.4.1
Check: for GNU extensions in Makefiles
Result: NOTE
    GNU make is a SystemRequirements.
Flavor: r-oldrel-windows-ix86+x86_64