Last updated on 2022-05-25 11:51:02 CEST.
Flavor | Version | Tinstall | Tcheck | Ttotal | Status | Flags |
---|---|---|---|---|---|---|
r-devel-linux-x86_64-debian-clang | 1.0.4 | 0.68 | 11.71 | 12.39 | ERROR | |
r-devel-linux-x86_64-debian-gcc | 1.0.4 | 23.71 | 553.83 | 577.54 | OK | |
r-devel-linux-x86_64-fedora-clang | 1.0.4 | 934.49 | OK | |||
r-devel-linux-x86_64-fedora-gcc | 1.0.4 | 894.28 | OK | |||
r-devel-windows-x86_64 | 1.0.4 | 43.00 | 295.00 | 338.00 | OK | --no-vignettes |
r-patched-linux-x86_64 | 1.0.4 | 26.88 | 714.33 | 741.21 | OK | |
r-release-linux-x86_64 | 1.0.4 | ERROR | ||||
r-release-macos-arm64 | 1.0.4 | 269.00 | OK | |||
r-release-macos-x86_64 | 1.0.4 | 392.00 | OK | |||
r-release-windows-x86_64 | 1.0.4 | 53.00 | 236.00 | 289.00 | OK | --no-vignettes |
r-oldrel-macos-arm64 | 1.0.4 | 236.00 | OK | |||
r-oldrel-macos-x86_64 | 1.0.4 | 229.00 | OK | |||
r-oldrel-windows-ix86+x86_64 | 1.0.4 | 63.00 | 352.00 | 415.00 | OK | --no-vignettes |
Version: 1.0.4
Check: package dependencies
Result: ERROR
Package required but not available: 'ctsem'
See section 'The DESCRIPTION file' in the 'Writing R Extensions'
manual.
Flavors: r-devel-linux-x86_64-debian-clang, r-release-linux-x86_64