CRAN Package Check Results for Package ctmcmove

Last updated on 2021-06-15 23:51:12 CEST.

Flavor Version Tinstall Tcheck Ttotal Status Flags
r-devel-linux-x86_64-debian-clang 1.2.9 14.91 139.20 154.11 OK
r-devel-linux-x86_64-debian-gcc 1.2.9 13.56 106.26 119.82 OK
r-devel-linux-x86_64-fedora-clang 1.2.9 193.99 OK
r-devel-linux-x86_64-fedora-gcc 1.2.9 182.31 OK
r-devel-windows-x86_64 1.2.9 25.00 161.00 186.00 OK
r-devel-windows-x86_64-gcc10-UCRT 1.2.9 NOTE
r-patched-linux-x86_64 1.2.9 17.22 134.40 151.62 OK
r-patched-solaris-x86 1.2.9 287.30 OK
r-release-linux-x86_64 1.2.9 17.33 134.16 151.49 OK
r-release-macos-arm64 1.2.9 NOTE
r-release-macos-x86_64 1.2.9 OK
r-release-windows-ix86+x86_64 1.2.9 36.00 163.00 199.00 OK
r-oldrel-macos-x86_64 1.2.9 OK
r-oldrel-windows-ix86+x86_64 1.2.9 38.00 168.00 206.00 OK

Check Details

Version: 1.2.9
Check: package dependencies
Result: NOTE
    Package suggested but not available for checking: 'crawl'
Flavors: r-devel-windows-x86_64-gcc10-UCRT, r-release-macos-arm64