Last updated on 2021-03-05 23:48:40 CET.
Flavor | Version | Tinstall | Tcheck | Ttotal | Status | Flags |
---|---|---|---|---|---|---|
r-devel-linux-x86_64-debian-clang | 0.3.0 | 2.64 | 31.72 | 34.36 | OK | |
r-devel-linux-x86_64-debian-gcc | 0.3.0 | 1.98 | 24.56 | 26.54 | OK | |
r-devel-linux-x86_64-fedora-clang | 0.3.0 | 52.10 | OK | |||
r-devel-linux-x86_64-fedora-gcc | 0.3.0 | 39.74 | OK | |||
r-devel-windows-ix86+x86_64 | 0.3.0 | 6.00 | 47.00 | 53.00 | OK | |
r-devel-windows-x86_64-gcc10-UCRT | 0.3.0 | ERROR | ||||
r-patched-linux-x86_64 | 0.3.0 | OK | ||||
r-patched-solaris-x86 | 0.3.0 | 58.80 | OK | |||
r-release-linux-x86_64 | 0.3.0 | 2.55 | 30.45 | 33.00 | OK | |
r-release-macos-x86_64 | 0.3.0 | OK | ||||
r-release-windows-ix86+x86_64 | 0.3.0 | 7.00 | 36.00 | 43.00 | OK | |
r-oldrel-macos-x86_64 | 0.3.0 | OK | ||||
r-oldrel-windows-ix86+x86_64 | 0.3.0 | 5.00 | 37.00 | 42.00 | OK |
Version: 0.3.0
Check: tests
Result: ERROR
Running 'test-all.R'
Running the tests in 'tests/test-all.R' failed.
Last 13 lines of output:
`actual`: FALSE
`expected`: TRUE
-- 2. Error (test-metadata.R:48:5): External metadata loads automatically ------
Error: invalid 'description' argument
Backtrace:
1. testthat::expect_identical(...) test-metadata.R:48:4
4. base::readLines(dir(dirname(tmp), pattern = ".yaml", full.names = TRUE))
5. base::file(con, "r")
== DONE ========================================================================
Frustration is a natural part of programming :)
Error: Test failures
Execution halted
Flavor: r-devel-windows-x86_64-gcc10-UCRT