Last updated on 2021-03-05 23:48:40 CET.
Flavor | Version | Tinstall | Tcheck | Ttotal | Status | Flags |
---|---|---|---|---|---|---|
r-devel-linux-x86_64-debian-clang | 0.2.3 | 11.49 | 104.15 | 115.64 | OK | |
r-devel-linux-x86_64-debian-gcc | 0.2.3 | 9.39 | 76.29 | 85.68 | OK | |
r-devel-linux-x86_64-fedora-clang | 0.2.3 | 142.06 | NOTE | |||
r-devel-linux-x86_64-fedora-gcc | 0.2.3 | 131.92 | NOTE | |||
r-devel-windows-ix86+x86_64 | 0.2.3 | 30.00 | 129.00 | 159.00 | OK | |
r-patched-linux-x86_64 | 0.2.3 | OK | ||||
r-patched-solaris-x86 | 0.2.3 | 187.50 | NOTE | |||
r-release-linux-x86_64 | 0.2.3 | 10.42 | 96.16 | 106.58 | OK | |
r-release-macos-x86_64 | 0.2.3 | NOTE | ||||
r-release-windows-ix86+x86_64 | 0.2.3 | 19.00 | 99.00 | 118.00 | OK | |
r-oldrel-macos-x86_64 | 0.2.3 | NOTE | ||||
r-oldrel-windows-ix86+x86_64 | 0.2.3 | 17.00 | 84.00 | 101.00 | OK |
Version: 0.2.3
Check: data for non-ASCII characters
Result: NOTE
Note: found 500 marked UTF-8 strings
Flavors: r-devel-linux-x86_64-fedora-clang, r-devel-linux-x86_64-fedora-gcc, r-patched-solaris-x86, r-release-macos-x86_64, r-oldrel-macos-x86_64