CRAN Package Check Results for Package crossword.r

Last updated on 2021-03-08 19:51:05 CET.

Flavor Version Tinstall Tcheck Ttotal Status Flags
r-devel-linux-x86_64-debian-clang 0.3.6 3.15 26.03 29.18 OK
r-devel-linux-x86_64-debian-gcc 0.3.6 2.41 19.58 21.99 OK
r-devel-linux-x86_64-fedora-clang 0.3.6 44.22 NOTE
r-devel-linux-x86_64-fedora-gcc 0.3.6 33.97 NOTE
r-devel-windows-ix86+x86_64 0.3.6 7.00 32.00 39.00 OK
r-devel-windows-x86_64-gcc10-UCRT 0.3.6 NOTE
r-patched-linux-x86_64 0.3.6 2.84 24.61 27.45 OK
r-patched-solaris-x86 0.3.6 50.10 NOTE
r-release-linux-x86_64 0.3.6 3.32 24.45 27.77 OK
r-release-macos-x86_64 0.3.6 NOTE
r-release-windows-ix86+x86_64 0.3.6 5.00 43.00 48.00 OK
r-oldrel-macos-x86_64 0.3.6 NOTE
r-oldrel-windows-ix86+x86_64 0.3.6 4.00 31.00 35.00 OK

Check Details

Version: 0.3.6
Check: dependencies in R code
Result: NOTE
    Namespaces in Imports field not imported from:
     ‘R6’ ‘dplyr’ ‘r6extended’
     All declared Imports should be used.
Flavors: r-devel-linux-x86_64-fedora-clang, r-devel-linux-x86_64-fedora-gcc, r-devel-windows-x86_64-gcc10-UCRT, r-patched-solaris-x86, r-release-macos-x86_64, r-oldrel-macos-x86_64