CRAN Package Check Results for Package crossdes

Last updated on 2021-04-14 23:47:07 CEST.

Flavor Version Tinstall Tcheck Ttotal Status Flags
r-devel-linux-x86_64-debian-clang 1.1-1 3.15 29.01 32.16 NOTE
r-devel-linux-x86_64-debian-gcc 1.1-1 2.40 23.15 25.55 NOTE
r-devel-linux-x86_64-fedora-clang 1.1-1 48.16 NOTE
r-devel-linux-x86_64-fedora-gcc 1.1-1 38.66 NOTE
r-devel-windows-ix86+x86_64 1.1-1 6.00 46.00 52.00 NOTE
r-devel-windows-x86_64-gcc10-UCRT 1.1-1 NOTE
r-patched-linux-x86_64 1.1-1 3.16 27.90 31.06 NOTE
r-patched-solaris-x86 1.1-1 60.50 NOTE
r-release-linux-x86_64 1.1-1 3.08 28.02 31.10 NOTE
r-release-macos-x86_64 1.1-1 NOTE
r-release-windows-ix86+x86_64 1.1-1 5.00 33.00 38.00 NOTE
r-oldrel-macos-x86_64 1.1-1 NOTE
r-oldrel-windows-ix86+x86_64 1.1-1 5.00 43.00 48.00 NOTE

Check Details

Version: 1.1-1
Check: R code for possible problems
Result: NOTE
    get.plan: no visible global function definition for 'menu'
    Undefined global functions or variables:
     menu
    Consider adding
     importFrom("utils", "menu")
    to your NAMESPACE file.
Flavors: r-devel-linux-x86_64-debian-clang, r-devel-linux-x86_64-debian-gcc, r-devel-linux-x86_64-fedora-clang, r-devel-linux-x86_64-fedora-gcc, r-devel-windows-ix86+x86_64, r-devel-windows-x86_64-gcc10-UCRT, r-patched-linux-x86_64, r-patched-solaris-x86, r-release-linux-x86_64, r-release-macos-x86_64, r-release-windows-ix86+x86_64, r-oldrel-macos-x86_64, r-oldrel-windows-ix86+x86_64