CRAN Package Check Results for Package cronologia

Last updated on 2021-09-21 07:50:00 CEST.

Flavor Version Tinstall Tcheck Ttotal Status Flags
r-devel-linux-x86_64-debian-clang 0.2.0 2.08 22.27 24.35 OK
r-devel-linux-x86_64-debian-gcc 0.2.0 1.56 18.09 19.65 OK
r-devel-linux-x86_64-fedora-clang 0.2.0 38.87 OK
r-devel-linux-x86_64-fedora-gcc 0.2.0 28.59 OK
r-devel-windows-x86_64 0.2.0 3.00 31.00 34.00 OK
r-devel-windows-x86_64-gcc10-UCRT 0.2.0 ERROR
r-patched-linux-x86_64 0.2.0 1.93 22.08 24.01 OK
r-patched-solaris-x86 0.2.0 45.90 OK
r-release-linux-x86_64 0.2.0 1.97 22.32 24.29 OK
r-release-macos-arm64 0.2.0 OK
r-release-macos-x86_64 0.2.0 OK
r-release-windows-ix86+x86_64 0.2.0 4.00 27.00 31.00 OK
r-oldrel-macos-x86_64 0.2.0 OK
r-oldrel-windows-ix86+x86_64 0.2.0 5.00 31.00 36.00 OK

Check Details

Version: 0.2.0
Check: whether package can be installed
Result: WARN
    Found the following significant warnings:
     WARNING: installation-time patches will not be applied, could not get the patches index
Flavor: r-devel-windows-x86_64-gcc10-UCRT

Version: 0.2.0
Check: PDF version of manual
Result: WARN
    LaTeX errors when creating PDF version.
    This typically indicates Rd problems.
Flavor: r-devel-windows-x86_64-gcc10-UCRT

Version: 0.2.0
Check: PDF version of manual without hyperrefs or index
Result: ERROR
    Re-running with no redirection of stdout/stderr.
Flavor: r-devel-windows-x86_64-gcc10-UCRT