CRAN Package Check Results for Package critpath

Last updated on 2022-01-27 04:05:18 CET.

Flavor Version Tinstall Tcheck Ttotal Status Flags
r-devel-linux-x86_64-debian-clang 0.1.4 7.38 95.57 102.95 OK
r-devel-linux-x86_64-debian-gcc 0.1.4 5.36 73.06 78.42 OK
r-devel-linux-x86_64-fedora-clang 0.1.4 119.96 NOTE
r-devel-linux-x86_64-fedora-gcc 0.1.4 108.72 OK
r-devel-windows-x86_64-new-UL 0.1.4 32.00 120.00 152.00 NOTE
r-devel-windows-x86_64-new-TK 0.1.4 OK
r-patched-linux-x86_64 0.1.4 5.39 88.48 93.87 OK
r-release-linux-x86_64 0.1.4 5.54 87.13 92.67 OK
r-release-macos-arm64 0.1.4 NOTE
r-release-macos-x86_64 0.1.4 NOTE
r-release-windows-ix86+x86_64 0.1.4 17.00 105.00 122.00 NOTE
r-oldrel-macos-x86_64 0.1.4 NOTE
r-oldrel-windows-ix86+x86_64 0.1.4 16.00 110.00 126.00 NOTE

Check Details

Version: 0.1.4
Check: installed package size
Result: NOTE
     installed size is 5.8Mb
     sub-directories of 1Mb or more:
     doc 5.6Mb
Flavors: r-devel-linux-x86_64-fedora-clang, r-devel-windows-x86_64-new-UL, r-release-macos-arm64, r-release-macos-x86_64, r-release-windows-ix86+x86_64, r-oldrel-macos-x86_64, r-oldrel-windows-ix86+x86_64