CRAN Package Check Results for Package crctStepdown

Last updated on 2024-07-14 08:48:18 CEST.

Flavor Version Tinstall Tcheck Ttotal Status Flags
r-devel-linux-x86_64-debian-clang 0.5.2 145.46 43.72 189.18 OK
r-devel-linux-x86_64-debian-gcc 0.5.2 116.99 42.55 159.54 OK
r-devel-linux-x86_64-fedora-clang 0.5.2 255.39 OK
r-devel-linux-x86_64-fedora-gcc 0.5.2 313.33 OK
r-devel-windows-x86_64 0.5.2 109.00 78.00 187.00 OK
r-patched-linux-x86_64 0.5.2 147.15 52.91 200.06 OK
r-release-linux-x86_64 0.5.2 119.29 52.96 172.25 OK
r-release-macos-arm64 0.5.2 63.00 NOTE
r-release-macos-x86_64 0.5.2 84.00 NOTE
r-release-windows-x86_64 0.5.2 111.00 80.00 191.00 OK
r-oldrel-macos-arm64 0.5.2 67.00 NOTE
r-oldrel-macos-x86_64 0.5.2 106.00 NOTE
r-oldrel-windows-x86_64 0.5.2 142.00 95.00 237.00 OK

Check Details

Version: 0.5.2
Check: installed package size
Result: NOTE installed size is 50.5Mb sub-directories of 1Mb or more: libs 50.4Mb Flavors: r-release-macos-arm64, r-release-macos-x86_64, r-oldrel-macos-arm64, r-oldrel-macos-x86_64