CRAN Package Check Results for Package cpt

Last updated on 2021-09-21 15:50:44 CEST.

Flavor Version Tinstall Tcheck Ttotal Status Flags
r-devel-linux-x86_64-debian-clang 1.0.2 7.32 70.43 77.75 OK
r-devel-linux-x86_64-debian-gcc 1.0.2 5.51 53.01 58.52 OK
r-devel-linux-x86_64-fedora-clang 1.0.2 98.85 OK
r-devel-linux-x86_64-fedora-gcc 1.0.2 89.89 OK
r-devel-windows-x86_64 1.0.2 8.00 66.00 74.00 OK
r-devel-windows-x86_64-gcc10-UCRT 1.0.2 ERROR
r-patched-linux-x86_64 1.0.2 6.97 66.70 73.67 OK
r-patched-solaris-x86 1.0.2 132.70 OK
r-release-linux-x86_64 1.0.2 7.44 66.99 74.43 OK
r-release-macos-arm64 1.0.2 OK
r-release-macos-x86_64 1.0.2 OK
r-release-windows-ix86+x86_64 1.0.2 16.00 70.00 86.00 OK
r-oldrel-macos-x86_64 1.0.2 OK
r-oldrel-windows-ix86+x86_64 1.0.2 16.00 71.00 87.00 OK

Check Details

Version: 1.0.2
Check: whether package can be installed
Result: WARN
    Found the following significant warnings:
     WARNING: installation-time patches will not be applied, could not get the patches index
Flavor: r-devel-windows-x86_64-gcc10-UCRT

Version: 1.0.2
Check: PDF version of manual
Result: WARN
    LaTeX errors when creating PDF version.
    This typically indicates Rd problems.
Flavor: r-devel-windows-x86_64-gcc10-UCRT

Version: 1.0.2
Check: PDF version of manual without hyperrefs or index
Result: ERROR
    Re-running with no redirection of stdout/stderr.
Flavor: r-devel-windows-x86_64-gcc10-UCRT