CRAN Package Check Results for Package cpr

Last updated on 2021-06-24 07:50:07 CEST.

Flavor Version Tinstall Tcheck Ttotal Status Flags
r-devel-linux-x86_64-debian-clang 0.2.3 105.45 92.88 198.33 OK
r-devel-linux-x86_64-debian-gcc 0.2.3 67.27 70.50 137.77 OK
r-devel-linux-x86_64-fedora-clang 0.2.3 261.44 OK
r-devel-linux-x86_64-fedora-gcc 0.2.3 237.11 OK
r-devel-windows-x86_64 0.2.3 121.00 126.00 247.00 OK
r-devel-windows-x86_64-gcc10-UCRT 0.2.3 NOTE
r-patched-linux-x86_64 0.2.3 84.69 88.41 173.10 OK
r-patched-solaris-x86 0.2.3 293.10 OK
r-release-linux-x86_64 0.2.3 80.21 88.93 169.14 OK
r-release-macos-arm64 0.2.3 OK
r-release-macos-x86_64 0.2.3 OK
r-release-windows-ix86+x86_64 0.2.3 170.00 141.00 311.00 OK
r-oldrel-macos-x86_64 0.2.3 OK

Check Details

Version: 0.2.3
Check: package dependencies
Result: NOTE
    Package suggested but not available for checking: 'covr'
Flavor: r-devel-windows-x86_64-gcc10-UCRT