CRAN Package Check Results for Package cpr

Last updated on 2021-09-22 15:51:15 CEST.

Flavor Version Tinstall Tcheck Ttotal Status Flags
r-devel-linux-x86_64-debian-clang 0.2.3 106.77 93.45 200.22 OK
r-devel-linux-x86_64-debian-gcc 0.2.3 64.24 70.57 134.81 OK
r-devel-linux-x86_64-fedora-clang 0.2.3 267.11 OK
r-devel-linux-x86_64-fedora-gcc 0.2.3 236.42 OK
r-devel-windows-x86_64 0.2.3 92.00 118.00 210.00 OK
r-devel-windows-x86_64-gcc10-UCRT 0.2.3 ERROR
r-patched-linux-x86_64 0.2.3 82.44 90.26 172.70 OK
r-patched-solaris-x86 0.2.3 284.60 OK
r-release-linux-x86_64 0.2.3 65.63 88.09 153.72 OK
r-release-macos-arm64 0.2.3 OK
r-release-macos-x86_64 0.2.3 OK
r-release-windows-ix86+x86_64 0.2.3 240.00 139.00 379.00 OK
r-oldrel-macos-x86_64 0.2.3 OK
r-oldrel-windows-ix86+x86_64 0.2.3 170.00 149.00 319.00 OK

Check Details

Version: 0.2.3
Check: package dependencies
Result: ERROR
    Package required but not available: 'rgl'
    
    See section 'The DESCRIPTION file' in the 'Writing R Extensions'
    manual.
Flavor: r-devel-windows-x86_64-gcc10-UCRT