CRAN Package Check Results for Package cowsay

Last updated on 2021-04-12 03:48:36 CEST.

Flavor Version Tinstall Tcheck Ttotal Status Flags
r-devel-linux-x86_64-debian-clang 0.8.0 2.30 26.66 28.96 NOTE
r-devel-linux-x86_64-debian-gcc 0.8.0 1.84 20.66 22.50 NOTE
r-devel-linux-x86_64-fedora-clang 0.8.0 44.32 NOTE
r-devel-linux-x86_64-fedora-gcc 0.8.0 31.53 NOTE
r-devel-windows-ix86+x86_64 0.8.0 5.00 44.00 49.00 NOTE
r-devel-windows-x86_64-gcc10-UCRT 0.8.0 NOTE
r-patched-linux-x86_64 0.8.0 2.17 25.15 27.32 OK
r-patched-solaris-x86 0.8.0 58.10 OK
r-release-linux-x86_64 0.8.0 2.35 25.32 27.67 OK
r-release-macos-x86_64 0.8.0 OK
r-release-windows-ix86+x86_64 0.8.0 5.00 45.00 50.00 OK
r-oldrel-macos-x86_64 0.8.0 OK
r-oldrel-windows-ix86+x86_64 0.8.0 4.00 32.00 36.00 OK

Check Details

Version: 0.8.0
Check: LazyData
Result: NOTE
     'LazyData' is specified without a 'data' directory
Flavors: r-devel-linux-x86_64-debian-clang, r-devel-linux-x86_64-debian-gcc, r-devel-linux-x86_64-fedora-clang, r-devel-linux-x86_64-fedora-gcc, r-devel-windows-ix86+x86_64, r-devel-windows-x86_64-gcc10-UCRT