CRAN Package Check Results for Package covsim

Last updated on 2021-07-25 19:51:27 CEST.

Flavor Version Tinstall Tcheck Ttotal Status Flags
r-devel-linux-x86_64-debian-clang 0.2.0 2.98 38.98 41.96 OK
r-devel-linux-x86_64-debian-gcc 0.2.0 2.45 28.93 31.38 OK
r-devel-linux-x86_64-fedora-clang 0.2.0 56.94 NOTE
r-devel-linux-x86_64-fedora-gcc 0.2.0 47.71 NOTE
r-devel-windows-x86_64 0.2.0 6.00 57.00 63.00 OK
r-devel-windows-x86_64-gcc10-UCRT 0.2.0 NOTE
r-patched-linux-x86_64 0.2.0 2.86 36.57 39.43 OK
r-patched-solaris-x86 0.2.0 69.00 NOTE
r-release-linux-x86_64 0.2.0 2.81 36.78 39.59 OK
r-release-macos-arm64 0.2.0 NOTE
r-release-macos-x86_64 0.2.0 NOTE
r-release-windows-ix86+x86_64 0.2.0 6.00 53.00 59.00 OK
r-oldrel-macos-x86_64 0.2.0 NOTE
r-oldrel-windows-ix86+x86_64 0.2.0 5.00 58.00 63.00 OK

Check Details

Version: 0.2.0
Check: dependencies in R code
Result: NOTE
    Namespaces in Imports field not imported from:
     ‘Rcpp’ ‘gsl’
     All declared Imports should be used.
Flavors: r-devel-linux-x86_64-fedora-clang, r-devel-linux-x86_64-fedora-gcc, r-devel-windows-x86_64-gcc10-UCRT, r-patched-solaris-x86, r-release-macos-arm64, r-release-macos-x86_64, r-oldrel-macos-x86_64