CRAN Package Check Results for Package covr

Last updated on 2021-05-09 23:48:13 CEST.

Flavor Version Tinstall Tcheck Ttotal Status Flags
r-devel-linux-x86_64-debian-clang 3.5.1 6.17 112.52 118.69 NOTE
r-devel-linux-x86_64-debian-gcc 3.5.1 4.19 88.60 92.79 NOTE
r-devel-linux-x86_64-fedora-clang 3.5.1 156.30 NOTE
r-devel-linux-x86_64-fedora-gcc 3.5.1 167.81 NOTE
r-devel-windows-ix86+x86_64 3.5.1 9.00 324.00 333.00 NOTE
r-devel-windows-x86_64-gcc10-UCRT 3.5.1 NOTE
r-patched-linux-x86_64 3.5.1 5.56 111.08 116.64 NOTE
r-patched-solaris-x86 3.5.1 82.60 NOTE
r-release-linux-x86_64 3.5.1 5.00 111.05 116.05 OK
r-release-macos-x86_64 3.5.1 OK
r-release-windows-ix86+x86_64 3.5.1 9.00 259.00 268.00 OK
r-oldrel-macos-x86_64 3.5.1 OK
r-oldrel-windows-ix86+x86_64 3.5.1 10.00 260.00 270.00 OK

Check Details

Version: 3.5.1
Check: LazyData
Result: NOTE
     'LazyData' is specified without a 'data' directory
Flavors: r-devel-linux-x86_64-debian-clang, r-devel-linux-x86_64-debian-gcc, r-devel-linux-x86_64-fedora-clang, r-devel-linux-x86_64-fedora-gcc, r-devel-windows-ix86+x86_64, r-devel-windows-x86_64-gcc10-UCRT, r-patched-linux-x86_64, r-patched-solaris-x86