CRAN Package Check Results for Package covid19france

Last updated on 2021-03-09 07:49:35 CET.

Flavor Version Tinstall Tcheck Ttotal Status Flags
r-devel-linux-x86_64-debian-clang 0.1.0 2.05 33.80 35.85 OK
r-devel-linux-x86_64-debian-gcc 0.1.0 1.60 24.83 26.43 OK
r-devel-linux-x86_64-fedora-clang 0.1.0 52.28 NOTE
r-devel-linux-x86_64-fedora-gcc 0.1.0 42.54 NOTE
r-devel-windows-ix86+x86_64 0.1.0 6.00 39.00 45.00 OK
r-devel-windows-x86_64-gcc10-UCRT 0.1.0 NOTE
r-patched-linux-x86_64 0.1.0 1.66 32.57 34.23 OK
r-patched-solaris-x86 0.1.0 62.80 NOTE
r-release-linux-x86_64 0.1.0 2.05 32.57 34.62 OK
r-release-macos-x86_64 0.1.0 NOTE
r-release-windows-ix86+x86_64 0.1.0 6.00 40.00 46.00 OK
r-oldrel-macos-x86_64 0.1.0 NOTE
r-oldrel-windows-ix86+x86_64 0.1.0 3.00 42.00 45.00 OK

Check Details

Version: 0.1.0
Check: dependencies in R code
Result: NOTE
    Namespace in Imports field not imported from: ‘lubridate’
     All declared Imports should be used.
Flavors: r-devel-linux-x86_64-fedora-clang, r-devel-linux-x86_64-fedora-gcc, r-devel-windows-x86_64-gcc10-UCRT, r-patched-solaris-x86, r-release-macos-x86_64, r-oldrel-macos-x86_64