CRAN Package Check Results for Package covequal

Last updated on 2021-06-20 03:48:21 CEST.

Flavor Version Tinstall Tcheck Ttotal Status Flags
r-devel-linux-x86_64-debian-clang 0.1.0 1.89 25.17 27.06 NOTE
r-devel-linux-x86_64-debian-gcc 0.1.0 1.52 20.39 21.91 NOTE
r-devel-linux-x86_64-fedora-clang 0.1.0 42.37 NOTE
r-devel-linux-x86_64-fedora-gcc 0.1.0 32.13 NOTE
r-devel-windows-x86_64 0.1.0 4.00 35.00 39.00 NOTE
r-devel-windows-x86_64-gcc10-UCRT 0.1.0 NOTE
r-patched-linux-x86_64 0.1.0 1.93 24.95 26.88 NOTE
r-patched-solaris-x86 0.1.0 53.90 NOTE
r-release-linux-x86_64 0.1.0 1.92 24.76 26.68 NOTE
r-release-macos-arm64 0.1.0 NOTE
r-release-macos-x86_64 0.1.0 NOTE
r-release-windows-ix86+x86_64 0.1.0 5.00 41.00 46.00 NOTE
r-oldrel-macos-x86_64 0.1.0 OK
r-oldrel-windows-ix86+x86_64 0.1.0 4.00 39.00 43.00 OK

Check Details

Version: 0.1.0
Check: LazyData
Result: NOTE
     'LazyData' is specified without a 'data' directory
Flavors: r-devel-linux-x86_64-debian-clang, r-devel-linux-x86_64-debian-gcc, r-devel-linux-x86_64-fedora-clang, r-devel-linux-x86_64-fedora-gcc, r-devel-windows-x86_64, r-devel-windows-x86_64-gcc10-UCRT, r-patched-linux-x86_64, r-patched-solaris-x86, r-release-linux-x86_64, r-release-macos-arm64, r-release-macos-x86_64, r-release-windows-ix86+x86_64