Last updated on 2023-01-28 23:51:34 CET.
Flavor | Version | Tinstall | Tcheck | Ttotal | Status | Flags |
---|---|---|---|---|---|---|
r-devel-linux-x86_64-debian-clang | 1.0.1 | 43.58 | 269.06 | 312.64 | OK | |
r-devel-linux-x86_64-debian-gcc | 1.0.1 | 33.65 | 211.52 | 245.17 | NOTE | |
r-devel-linux-x86_64-fedora-clang | 1.0.1 | 294.97 | OK | |||
r-devel-linux-x86_64-fedora-gcc | 1.0.1 | 286.28 | NOTE | |||
r-devel-windows-x86_64 | 1.0.1 | 51.00 | 156.00 | 207.00 | OK | |
r-patched-linux-x86_64 | 1.0.1 | 38.33 | 231.90 | 270.23 | OK | |
r-release-linux-x86_64 | 1.0.1 | 36.72 | 237.19 | 273.91 | OK | |
r-release-macos-arm64 | 1.0.1 | 61.00 | OK | |||
r-release-macos-x86_64 | 1.0.1 | 71.00 | OK | |||
r-release-windows-x86_64 | 1.0.1 | 44.00 | 169.00 | 213.00 | OK | |
r-oldrel-macos-arm64 | 1.0.1 | 58.00 | OK | |||
r-oldrel-macos-x86_64 | 1.0.1 | 80.00 | OK | |||
r-oldrel-windows-ix86+x86_64 | 1.0.1 | 106.00 | 272.00 | 378.00 | OK |
Version: 1.0.1
Check: C++ specification
Result: NOTE
Specified C++11: please update to current default of C++17
Flavors: r-devel-linux-x86_64-debian-gcc, r-devel-linux-x86_64-fedora-gcc