CRAN Package Check Results for Package covLCA

Last updated on 2021-09-21 15:50:44 CEST.

Flavor Version Tinstall Tcheck Ttotal Status Flags
r-devel-linux-x86_64-debian-clang 1.0 10.26 88.69 98.95 NOTE
r-devel-linux-x86_64-debian-gcc 1.0 8.32 65.86 74.18 NOTE
r-devel-linux-x86_64-fedora-clang 1.0 127.59 NOTE
r-devel-linux-x86_64-fedora-gcc 1.0 113.82 NOTE
r-devel-windows-x86_64 1.0 11.00 83.00 94.00 NOTE
r-devel-windows-x86_64-gcc10-UCRT 1.0 ERROR
r-patched-linux-x86_64 1.0 11.24 82.28 93.52 NOTE
r-patched-solaris-x86 1.0 173.10 NOTE
r-release-linux-x86_64 1.0 7.01 83.11 90.12 NOTE
r-release-macos-arm64 1.0 NOTE
r-release-macos-x86_64 1.0 NOTE
r-release-windows-ix86+x86_64 1.0 22.00 81.00 103.00 NOTE
r-oldrel-macos-x86_64 1.0 NOTE
r-oldrel-windows-ix86+x86_64 1.0 28.00 82.00 110.00 NOTE

Check Details

Version: 1.0
Check: dependencies in R code
Result: NOTE
    'library' or 'require' calls to packages already attached by Depends:
     'Matrix' 'mlogit' 'poLCA'
     Please remove these calls from your code.
    Packages in Depends field not imported from:
     'Matrix' 'mlogit' 'poLCA'
     These packages need to be imported from (in the NAMESPACE file)
     for when this namespace is loaded but not attached.
Flavors: r-devel-linux-x86_64-debian-clang, r-devel-linux-x86_64-debian-gcc, r-devel-linux-x86_64-fedora-clang, r-devel-linux-x86_64-fedora-gcc, r-devel-windows-x86_64, r-devel-windows-x86_64-gcc10-UCRT, r-patched-linux-x86_64, r-patched-solaris-x86, r-release-linux-x86_64, r-release-macos-arm64, r-release-macos-x86_64, r-release-windows-ix86+x86_64, r-oldrel-macos-x86_64, r-oldrel-windows-ix86+x86_64

Version: 1.0
Check: R code for possible problems
Result: NOTE
    covLCA: no visible global function definition for 'model.response'
    covLCA: no visible global function definition for 'model.frame'
    covLCA: no visible global function definition for 'model.matrix'
    covLCA: no visible global function definition for 'rnorm'
    covLCA: no visible global function definition for 'flush.console'
    covLCA: no visible global function definition for 'ginv'
    covLCA.initialAlphaGamma: no visible global function definition for
     'as.formula'
    covLCA.initialAlphaGamma: no visible global function definition for
     'mlogit.data'
    covLCA.initialAlphaGamma: no visible global function definition for
     'mlogit'
    covLCA.initialBeta: no visible global function definition for
     'as.formula'
    covLCA.initialBeta: no visible global function definition for 'poLCA'
    covLCA.initialBeta: no visible global function definition for
     'mlogit.data'
    covLCA.initialBeta: no visible global function definition for 'mlogit'
    covLCA.paramVariance: no visible global function definition for 'ginv'
    covLCA.varianceFirst: no visible global function definition for 'bdiag'
    Undefined global functions or variables:
     as.formula bdiag flush.console ginv mlogit mlogit.data model.frame
     model.matrix model.response poLCA rnorm
    Consider adding
     importFrom("stats", "as.formula", "model.frame", "model.matrix",
     "model.response", "rnorm")
     importFrom("utils", "flush.console")
    to your NAMESPACE file.
Flavors: r-devel-linux-x86_64-debian-clang, r-devel-linux-x86_64-debian-gcc, r-devel-linux-x86_64-fedora-clang, r-devel-linux-x86_64-fedora-gcc, r-devel-windows-x86_64, r-devel-windows-x86_64-gcc10-UCRT, r-patched-linux-x86_64, r-patched-solaris-x86, r-release-linux-x86_64, r-release-macos-arm64, r-release-macos-x86_64, r-release-windows-ix86+x86_64, r-oldrel-macos-x86_64, r-oldrel-windows-ix86+x86_64

Version: 1.0
Check: whether package can be installed
Result: WARN
    Found the following significant warnings:
     WARNING: installation-time patches will not be applied, could not get the patches index
Flavor: r-devel-windows-x86_64-gcc10-UCRT

Version: 1.0
Check: PDF version of manual
Result: WARN
    LaTeX errors when creating PDF version.
    This typically indicates Rd problems.
Flavor: r-devel-windows-x86_64-gcc10-UCRT

Version: 1.0
Check: PDF version of manual without hyperrefs or index
Result: ERROR
    Re-running with no redirection of stdout/stderr.
Flavor: r-devel-windows-x86_64-gcc10-UCRT