Last updated on 2021-03-07 15:47:32 CET.
Flavor | Version | Tinstall | Tcheck | Ttotal | Status | Flags |
---|---|---|---|---|---|---|
r-devel-linux-x86_64-debian-clang | 0.1.0 | 6.31 | 69.57 | 75.88 | OK | |
r-devel-linux-x86_64-debian-gcc | 0.1.0 | 4.85 | 52.43 | 57.28 | OK | |
r-devel-linux-x86_64-fedora-clang | 0.1.0 | 98.27 | NOTE | |||
r-devel-linux-x86_64-fedora-gcc | 0.1.0 | 86.73 | NOTE | |||
r-devel-windows-ix86+x86_64 | 0.1.0 | 15.00 | 92.00 | 107.00 | OK | |
r-devel-windows-x86_64-gcc10-UCRT | 0.1.0 | NOTE | ||||
r-patched-linux-x86_64 | 0.1.0 | 5.80 | 64.69 | 70.49 | OK | |
r-patched-solaris-x86 | 0.1.0 | 129.70 | NOTE | |||
r-release-linux-x86_64 | 0.1.0 | 5.55 | 65.19 | 70.74 | OK | |
r-release-macos-x86_64 | 0.1.0 | NOTE | ||||
r-release-windows-ix86+x86_64 | 0.1.0 | 9.00 | 68.00 | 77.00 | OK | |
r-oldrel-macos-x86_64 | 0.1.0 | NOTE | ||||
r-oldrel-windows-ix86+x86_64 | 0.1.0 | 8.00 | 66.00 | 74.00 | OK |
Version: 0.1.0
Check: data for non-ASCII characters
Result: NOTE
Note: found 1 marked UTF-8 string
Flavors: r-devel-linux-x86_64-fedora-clang, r-devel-linux-x86_64-fedora-gcc, r-devel-windows-x86_64-gcc10-UCRT, r-patched-solaris-x86, r-release-macos-x86_64, r-oldrel-macos-x86_64