CRAN Package Check Results for Package countcolors

Last updated on 2024-06-15 00:54:03 CEST.

Flavor Version Tinstall Tcheck Ttotal Status Flags
r-devel-linux-x86_64-debian-clang 0.9.1 3.78 121.54 125.32 NOTE
r-devel-linux-x86_64-debian-gcc 0.9.1 2.31 83.42 85.73 NOTE
r-devel-linux-x86_64-fedora-clang 0.9.1 147.81 NOTE
r-devel-linux-x86_64-fedora-gcc 0.9.1 154.93 NOTE
r-devel-windows-x86_64 0.9.1 4.00 100.00 104.00 NOTE
r-patched-linux-x86_64 0.9.1 3.20 113.30 116.50 NOTE
r-release-linux-x86_64 0.9.1 2.81 113.82 116.63 NOTE
r-release-macos-arm64 0.9.1 49.00 NOTE
r-release-macos-x86_64 0.9.1 94.00 NOTE
r-release-windows-x86_64 0.9.1 4.00 99.00 103.00 NOTE
r-oldrel-macos-arm64 0.9.1 50.00 NOTE
r-oldrel-macos-x86_64 0.9.1 70.00 NOTE
r-oldrel-windows-x86_64 0.9.1 5.00 120.00 125.00 NOTE

Check Details

Version: 0.9.1
Check: LazyData
Result: NOTE 'LazyData' is specified without a 'data' directory Flavors: r-devel-linux-x86_64-debian-clang, r-devel-linux-x86_64-debian-gcc, r-devel-linux-x86_64-fedora-clang, r-devel-linux-x86_64-fedora-gcc, r-devel-windows-x86_64, r-patched-linux-x86_64, r-release-linux-x86_64, r-release-macos-arm64, r-release-macos-x86_64, r-release-windows-x86_64, r-oldrel-macos-arm64, r-oldrel-macos-x86_64, r-oldrel-windows-x86_64

Version: 0.9.1
Check: dependencies in R code
Result: NOTE Namespace in Imports field not imported from: ‘jpeg’ All declared Imports should be used. Flavors: r-devel-linux-x86_64-fedora-clang, r-devel-linux-x86_64-fedora-gcc