CRAN Package Check Results for Package costsensitive

Last updated on 2021-09-21 15:50:44 CEST.

Flavor Version Tinstall Tcheck Ttotal Status Flags
r-devel-linux-x86_64-debian-clang 0.1.2.10 3.70 23.77 27.47 OK
r-devel-linux-x86_64-debian-gcc 0.1.2.10 2.61 18.81 21.42 OK
r-devel-linux-x86_64-fedora-clang 0.1.2.10 42.13 OK
r-devel-linux-x86_64-fedora-gcc 0.1.2.10 31.36 OK
r-devel-windows-x86_64 0.1.2.10 7.00 34.00 41.00 OK
r-devel-windows-x86_64-gcc10-UCRT 0.1.2.10 ERROR
r-patched-linux-x86_64 0.1.2.10 3.20 23.25 26.45 OK
r-patched-solaris-x86 0.1.2.10 49.40 OK
r-release-linux-x86_64 0.1.2.10 2.86 23.11 25.97 OK
r-release-macos-arm64 0.1.2.10 OK
r-release-macos-x86_64 0.1.2.10 OK
r-release-windows-ix86+x86_64 0.1.2.10 10.00 38.00 48.00 OK
r-oldrel-macos-x86_64 0.1.2.10 OK
r-oldrel-windows-ix86+x86_64 0.1.2.10 9.00 37.00 46.00 OK

Check Details

Version: 0.1.2.10
Check: whether package can be installed
Result: ERROR
    Installation failed.
Flavor: r-devel-windows-x86_64-gcc10-UCRT