CRAN Package Check Results for Package corrgram

Last updated on 2021-12-07 23:54:25 CET.

Flavor Version Tinstall Tcheck Ttotal Status Flags
r-devel-linux-x86_64-debian-clang 1.14 2.70 68.79 71.49 ERROR
r-devel-linux-x86_64-debian-gcc 1.14 1.72 54.54 56.26 OK
r-devel-linux-x86_64-fedora-clang 1.14 89.26 OK
r-devel-linux-x86_64-fedora-gcc 1.14 93.07 OK
r-devel-windows-x86_64-new-UL 1.14 10.00 130.00 140.00 OK
r-devel-windows-x86_64-new-TK 1.14 ERROR
r-devel-windows-x86_64-old 1.14 6.00 90.00 96.00 ERROR
r-patched-linux-x86_64 1.14 2.88 69.10 71.98 OK
r-release-linux-x86_64 1.14 2.45 68.96 71.41 OK
r-release-macos-arm64 1.14 OK
r-release-macos-x86_64 1.14 OK
r-release-windows-ix86+x86_64 1.14 5.00 96.00 101.00 OK
r-oldrel-macos-x86_64 1.14 OK
r-oldrel-windows-ix86+x86_64 1.14 6.00 90.00 96.00 OK

Check Details

Version: 1.14
Check: tests
Result: ERROR
     Running 'testthat.R' [19s/22s]
    Running the tests in 'tests/testthat.R' failed.
    Complete output:
     > library(testthat)
     > library(corrgram)
     >
     > test_check("corrgram")
     == Failed tests ================================================================
     -- Error (test_misc.R:53:3): order argument ------------------------------------
     Error in `ser_permutation_vector(order, method = method$name)`: 'list' object cannot be coerced to type 'integer'
     Backtrace:
     x
     1. \-corrgram::corrgram(mtcars, order = "GW") test_misc.R:53:2
     2. +-seriation::seriate(distx, method = order)
     3. \-seriation:::seriate.dist(distx, method = order)
     4. +-seriation::ser_permutation(ser_permutation_vector(order, method = method$name))
     5. \-seriation::ser_permutation_vector(order, method = method$name)
    
     [ FAIL 1 | WARN 0 | SKIP 0 | PASS 19 ]
     Error: Test failures
     Execution halted
Flavor: r-devel-linux-x86_64-debian-clang

Version: 1.14
Check: tests
Result: ERROR
     Running 'testthat.R'
    Running the tests in 'tests/testthat.R' failed.
    Complete output:
     > library(testthat)
     > library(corrgram)
     >
     > test_check("corrgram")
     ══ Failed tests ════════════════════════════════════════════════════════════════
     ── Error (test_misc.R:53:3): order argument ────────────────────────────────────
     Error in `ser_permutation_vector(order, method = method$name)`: 'list' object cannot be coerced to type 'integer'
     Backtrace:
     █
     1. └─corrgram::corrgram(mtcars, order = "GW") test_misc.R:53:2
     2. ├─seriation::seriate(distx, method = order)
     3. └─seriation:::seriate.dist(distx, method = order)
     4. ├─seriation::ser_permutation(ser_permutation_vector(order, method = method$name))
     5. └─seriation::ser_permutation_vector(order, method = method$name)
    
     [ FAIL 1 | WARN 0 | SKIP 0 | PASS 19 ]
     Error: Test failures
     Execution halted
Flavor: r-devel-windows-x86_64-new-TK

Version: 1.14
Check: tests
Result: ERROR
     Running 'testthat.R' [24s]
    Running the tests in 'tests/testthat.R' failed.
    Complete output:
     > library(testthat)
     > library(corrgram)
     >
     > test_check("corrgram")
     == Failed tests ================================================================
     -- Error (test_misc.R:53:3): order argument ------------------------------------
     Error in `ser_permutation_vector(order, method = method$name)`: 'list' object cannot be coerced to type 'integer'
     Backtrace:
     x
     1. \-corrgram::corrgram(mtcars, order = "GW") test_misc.R:53:2
     2. +-seriation::seriate(distx, method = order)
     3. \-seriation:::seriate.dist(distx, method = order)
     4. +-seriation::ser_permutation(ser_permutation_vector(order, method = method$name))
     5. \-seriation::ser_permutation_vector(order, method = method$name)
    
     [ FAIL 1 | WARN 0 | SKIP 0 | PASS 19 ]
     Error: Test failures
     Execution halted
Flavor: r-devel-windows-x86_64-old