CRAN Package Check Results for Package corels

Last updated on 2021-06-16 19:49:42 CEST.

Flavor Version Tinstall Tcheck Ttotal Status Flags
r-devel-linux-x86_64-debian-clang 0.0.2 39.52 28.08 67.60 OK
r-devel-linux-x86_64-debian-gcc 0.0.2 23.82 22.16 45.98 OK
r-devel-linux-x86_64-fedora-clang 0.0.2 111.89 NOTE
r-devel-linux-x86_64-fedora-gcc 0.0.2 83.25 OK
r-devel-windows-x86_64 0.0.2 65.00 53.00 118.00 OK
r-devel-windows-x86_64-gcc10-UCRT 0.0.2 OK
r-patched-linux-x86_64 0.0.2 29.99 27.45 57.44 OK
r-patched-solaris-x86 0.0.2 93.10 NOTE
r-release-linux-x86_64 0.0.2 31.44 27.63 59.07 OK
r-release-macos-arm64 0.0.2 NOTE
r-release-macos-x86_64 0.0.2 NOTE
r-release-windows-ix86+x86_64 0.0.2 114.00 59.00 173.00 OK
r-oldrel-macos-x86_64 0.0.2 NOTE
r-oldrel-windows-ix86+x86_64 0.0.2 87.00 75.00 162.00 OK

Check Details

Version: 0.0.2
Check: installed package size
Result: NOTE
     installed size is 5.1Mb
     sub-directories of 1Mb or more:
     libs 2.3Mb
     sample_data 2.6Mb
Flavors: r-devel-linux-x86_64-fedora-clang, r-patched-solaris-x86, r-release-macos-arm64, r-release-macos-x86_64, r-oldrel-macos-x86_64