CRAN Package Check Results for Package corehunter

Last updated on 2021-04-11 07:47:34 CEST.

Flavor Version Tinstall Tcheck Ttotal Status Flags
r-devel-linux-x86_64-debian-clang 3.2.1 5.60 215.04 220.64 NOTE
r-devel-linux-x86_64-debian-gcc 3.2.1 3.42 177.32 180.74 NOTE
r-devel-linux-x86_64-fedora-clang 3.2.1 262.75 NOTE
r-devel-linux-x86_64-fedora-gcc 3.2.1 253.19 NOTE
r-devel-windows-ix86+x86_64 3.2.1 10.00 127.00 137.00 NOTE
r-devel-windows-x86_64-gcc10-UCRT 3.2.1 NOTE
r-patched-linux-x86_64 3.2.1 4.91 220.09 225.00 OK
r-release-linux-x86_64 3.2.1 3.96 224.45 228.41 OK
r-release-macos-x86_64 3.2.1 OK
r-release-windows-ix86+x86_64 3.2.1 9.00 168.00 177.00 OK
r-oldrel-macos-x86_64 3.2.1 OK
r-oldrel-windows-ix86+x86_64 3.2.1 10.00 121.00 131.00 OK

Check Details

Version: 3.2.1
Check: LazyData
Result: NOTE
     'LazyData' is specified without a 'data' directory
Flavors: r-devel-linux-x86_64-debian-clang, r-devel-linux-x86_64-debian-gcc, r-devel-linux-x86_64-fedora-clang, r-devel-linux-x86_64-fedora-gcc, r-devel-windows-ix86+x86_64, r-devel-windows-x86_64-gcc10-UCRT