CRAN Package Check Results for Package copula

Last updated on 2021-01-22 23:48:54 CET.

Flavor Version Tinstall Tcheck Ttotal Status Flags
r-devel-linux-x86_64-debian-clang 1.0-1 47.60 871.77 919.37 OK
r-devel-linux-x86_64-debian-gcc 1.0-1 36.84 628.34 665.18 OK
r-devel-linux-x86_64-fedora-clang 1.0-1 1082.60 NOTE
r-devel-linux-x86_64-fedora-gcc 1.0-1 1079.65 OK
r-devel-windows-ix86+x86_64 1.0-1 103.00 850.00 953.00 NOTE --no-vignettes
r-patched-linux-x86_64 1.0-1 46.47 828.88 875.35 OK
r-patched-solaris-x86 1.0-1 1533.20 NOTE
r-release-linux-x86_64 1.0-1 44.08 831.61 875.69 WARN
r-release-macos-x86_64 1.0-1 NOTE
r-release-windows-ix86+x86_64 1.0-1 75.00 948.00 1023.00 NOTE --no-vignettes
r-oldrel-macos-x86_64 1.0-1 NOTE
r-oldrel-windows-ix86+x86_64 1.0-1 66.00 881.00 947.00 NOTE --no-vignettes

Check Details

Version: 1.0-1
Check: installed package size
Result: NOTE
     installed size is 10.0Mb
     sub-directories of 1Mb or more:
     R 2.1Mb
     doc 5.6Mb
Flavors: r-devel-linux-x86_64-fedora-clang, r-patched-solaris-x86, r-release-macos-x86_64, r-oldrel-macos-x86_64

Version: 1.0-1
Flags: --no-vignettes
Check: installed package size
Result: NOTE
     installed size is 9.7Mb
     sub-directories of 1Mb or more:
     R 2.1Mb
     doc 5.6Mb
Flavors: r-devel-windows-ix86+x86_64, r-release-windows-ix86+x86_64, r-oldrel-windows-ix86+x86_64

Version: 1.0-1
Check: re-building of vignette outputs
Result: WARN
    Error(s) in re-building vignettes:
     ...
    --- re-building ‘AC_Liouville.Rmd’ using rmarkdown
    Loading required package: copula
    --- finished re-building ‘AC_Liouville.Rmd’
    
    --- re-building ‘AR_Clayton.Rmd’ using rmarkdown
    Loading required package: copula
    --- finished re-building ‘AR_Clayton.Rmd’
    
    --- re-building ‘GIG.Rmd’ using rmarkdown
    Loading required package: tools
    Loading required namespace: Runuran
    Loading required package: copula
    Loading required package: bbmle
    Loading required package: stats4
    Loading required package: lattice
    Loading required package: grid
    --- finished re-building ‘GIG.Rmd’
    
    --- re-building ‘HAXC.Rmd’ using rmarkdown
    --- finished re-building ‘HAXC.Rmd’
    
    --- re-building ‘NALC.Rmd’ using rmarkdown
    Loading required package: gsl
    Loading required package: copula
    
    Attaching package: 'copula'
    
    The following objects are masked from 'package:gsl':
    
     psi, sinc
    
    --- finished re-building ‘NALC.Rmd’
    
    --- re-building ‘copula_GARCH.Rmd’ using rmarkdown
    Loading required package: copula
    Loading required package: rugarch
    Loading required package: parallel
    
    Attaching package: 'rugarch'
    
    The following object is masked from 'package:stats':
    
     sigma
    
    --- finished re-building ‘copula_GARCH.Rmd’
    
    --- re-building ‘dNAC.Rmd’ using rmarkdown
    Loading required package: copula
    Loading required package: grid
    Loading required package: lattice
    --- finished re-building ‘dNAC.Rmd’
    
    --- re-building ‘empiricial_copulas.Rmd’ using rmarkdown
    --- finished re-building ‘empiricial_copulas.Rmd’
    
    --- re-building ‘logL_visualization.Rmd’ using rmarkdown
    Loading required package: copula
    --- finished re-building ‘logL_visualization.Rmd’
    
    --- re-building ‘qrng.Rmd’ using rmarkdown
    Loading required package: stats4
    Loading required package: splines
    
    Attaching package: 'VGAM'
    
    The following objects are masked from 'package:copula':
    
     log1mexp, log1pexp, rlog
    
    Loading required package: rngWELL
    This is randtoolbox. For an overview, type 'help("randtoolbox")'.
    
    Attaching package: 'randtoolbox'
    
    The following object is masked from 'package:qrng':
    
     sobol
    
    --- finished re-building ‘qrng.Rmd’
    
    --- re-building ‘wild_animals.Rmd’ using rmarkdown
    --- finished re-building ‘wild_animals.Rmd’
    
    --- re-building ‘Frank-Rmpfr.Rnw’ using Sweave
    Loading required package: copula
    Loading required package: Rmpfr
    Loading required package: gmp
    
    Attaching package: 'gmp'
    
    The following objects are masked from 'package:copula':
    
     Eulerian, Eulerian.all, Stirling1, Stirling1.all, Stirling2,
     Stirling2.all
    
    The following objects are masked from 'package:base':
    
     %*%, apply, crossprod, matrix, tcrossprod
    
    C code of R package 'Rmpfr': GMP using 64 bits per limb
    
    
    Attaching package: 'Rmpfr'
    
    The following object is masked from 'package:gmp':
    
     outer
    
    The following objects are masked from 'package:copula':
    
     Bernoulli, log1mexp, log1pexp
    
    The following objects are masked from 'package:stats':
    
     dbinom, dgamma, dnbinom, dnorm, dpois, pnorm
    
    The following objects are masked from 'package:base':
    
     cbind, pmax, pmin, rbind
    
    Error: processing vignette 'Frank-Rmpfr.Rnw' failed with diagnostics:
    Running 'texi2dvi' on 'Frank-Rmpfr.tex' failed.
    LaTeX errors:
    ! Undefined control sequence.
    <recently read> \Hy@colorlink
    
    l.144 \begin{document}
    
    ! Undefined control sequence.
    \close@pdflink ->\Hy@endcolorlink
     \Hy@VerboseLinkStop \pdfendlink
    l.144 \begin{document}
    
    ! Undefined control sequence.
    <recently read> \Hy@colorlink
    
    l.144 \begin{document}
    
    ! Undefined control sequence.
    \close@pdflink ->\Hy@endcolorlink
     \Hy@VerboseLinkStop \pdfendlink
    l.144 \begin{document}
    
    --- failed re-building ‘Frank-Rmpfr.Rnw’
    
    --- re-building ‘nacopula-pkg.Rnw’ using Sweave
    Loading required package: copula
    Loading required package: lattice
    Warning: 'pnacopula' is deprecated.
    Use 'pCopula' instead.
    See help("Deprecated")
    Warning: 'pnacopula' is deprecated.
    Use 'pCopula' instead.
    See help("Deprecated")
    Warning: 'pnacopula' is deprecated.
    Use 'pCopula' instead.
    See help("Deprecated")
    Warning: 'pnacopula' is deprecated.
    Use 'pCopula' instead.
    See help("Deprecated")
    Error: processing vignette 'nacopula-pkg.Rnw' failed with diagnostics:
    Running 'texi2dvi' on 'nacopula-pkg.tex' failed.
    LaTeX errors:
    ! Undefined control sequence.
    <recently read> \Hy@colorlink
    
    l.205 \begin{document}
    
    ! Undefined control sequence.
    \close@pdflink ->\Hy@endcolorlink
     \Hy@VerboseLinkStop \pdfendlink
    l.205 \begin{document}
    
    --- failed re-building ‘nacopula-pkg.Rnw’
    
    --- re-building ‘rhoAMH-dilog.Rnw’ using Sweave
    Loading required package: copula
    Loading required package: sfsmisc
    Warning in xy.coords(x, y, xlabel, ylabel, log) :
     190 y values <= 0 omitted from logarithmic plot
    Warning in xy.coords(x, y, xlabel, ylabel, log = log, recycle = TRUE) :
     2364 y values <= 0 omitted from logarithmic plot
    Warning in xy.coords(x, y, xlabel, ylabel, log = log, recycle = TRUE) :
     1509 y values <= 0 omitted from logarithmic plot
    Warning in xy.coords(x, y, xlabel, ylabel, log) :
     36 y values <= 0 omitted from logarithmic plot
    Warning in xy.coords(x, y, xlabel, ylabel, log = log, recycle = TRUE) :
     2364 y values <= 0 omitted from logarithmic plot
    Warning in xy.coords(x, y, xlabel, ylabel, log = log, recycle = TRUE) :
     6323 y values <= 0 omitted from logarithmic plot
    Warning in xy.coords(x, y, xlabel, ylabel, log = log, recycle = TRUE) :
     7933 y values <= 0 omitted from logarithmic plot
    Warning in xy.coords(x, y, xlabel, ylabel, log = log, recycle = TRUE) :
     24289 y values <= 0 omitted from logarithmic plot
    Warning in xy.coords(x, y, xlabel, ylabel, log) :
     148 y values <= 0 omitted from logarithmic plot
    Warning in xy.coords(x, y, xlabel, ylabel, log = log, recycle = TRUE) :
     2364 y values <= 0 omitted from logarithmic plot
    Warning in xy.coords(x, y, xlabel, ylabel, log = log, recycle = TRUE) :
     6323 y values <= 0 omitted from logarithmic plot
    --- finished re-building ‘rhoAMH-dilog.Rnw’
    
    SUMMARY: processing the following files failed:
     ‘Frank-Rmpfr.Rnw’ ‘nacopula-pkg.Rnw’
    
    Error: Vignette re-building failed.
    Execution halted
Flavor: r-release-linux-x86_64