CRAN Package Check Results for Package copent

Last updated on 2021-09-21 15:50:43 CEST.

Flavor Version Tinstall Tcheck Ttotal Status Flags
r-devel-linux-x86_64-debian-clang 0.2 1.73 22.92 24.65 OK
r-devel-linux-x86_64-debian-gcc 0.2 1.43 18.15 19.58 OK
r-devel-linux-x86_64-fedora-clang 0.2 39.60 OK
r-devel-linux-x86_64-fedora-gcc 0.2 28.87 OK
r-devel-windows-x86_64 0.2 4.00 30.00 34.00 OK
r-devel-windows-x86_64-gcc10-UCRT 0.2 ERROR
r-patched-linux-x86_64 0.2 1.88 22.54 24.42 OK
r-patched-solaris-x86 0.2 46.70 OK
r-release-linux-x86_64 0.2 1.60 22.39 23.99 OK
r-release-macos-arm64 0.2 OK
r-release-macos-x86_64 0.2 OK
r-release-windows-ix86+x86_64 0.2 4.00 30.00 34.00 OK
r-oldrel-macos-x86_64 0.2 OK
r-oldrel-windows-ix86+x86_64 0.2 5.00 39.00 44.00 OK

Check Details

Version: 0.2
Check: whether package can be installed
Result: WARN
    Found the following significant warnings:
     WARNING: installation-time patches will not be applied, could not get the patches index
Flavor: r-devel-windows-x86_64-gcc10-UCRT

Version: 0.2
Check: PDF version of manual
Result: WARN
    LaTeX errors when creating PDF version.
    This typically indicates Rd problems.
Flavor: r-devel-windows-x86_64-gcc10-UCRT

Version: 0.2
Check: PDF version of manual without hyperrefs or index
Result: ERROR
    Re-running with no redirection of stdout/stderr.
Flavor: r-devel-windows-x86_64-gcc10-UCRT