CRAN Package Check Results for Package cooptrees

Last updated on 2022-05-28 23:55:01 CEST.

Flavor Version Tinstall Tcheck Ttotal Status Flags
r-devel-linux-x86_64-debian-clang 1.0 3.98 41.41 45.39 NOTE
r-devel-linux-x86_64-debian-gcc 1.0 2.88 31.96 34.84 NOTE
r-devel-linux-x86_64-fedora-clang 1.0 56.25 NOTE
r-devel-linux-x86_64-fedora-gcc 1.0 55.13 NOTE
r-devel-windows-x86_64 1.0 23.00 56.00 79.00 NOTE
r-patched-linux-x86_64 1.0 3.70 39.18 42.88 NOTE
r-release-linux-x86_64 1.0 3.28 39.26 42.54 NOTE
r-release-macos-arm64 1.0 18.00 NOTE
r-release-macos-x86_64 1.0 25.00 NOTE
r-release-windows-x86_64 1.0 27.00 59.00 86.00 NOTE
r-oldrel-macos-arm64 1.0 28.00 NOTE
r-oldrel-macos-x86_64 1.0 30.00 NOTE
r-oldrel-windows-ix86+x86_64 1.0 8.00 52.00 60.00 NOTE

Check Details

Version: 1.0
Check: R code for possible problems
Result: NOTE
    maCooperative: no visible global function definition for 'points'
    maCooperative: no visible global function definition for 'legend'
    maPessimistic: no visible global function definition for 'combn'
    maRules: no visible global function definition for 'capture.output'
    mstCooperative: no visible global function definition for 'points'
    mstCooperative: no visible global function definition for 'legend'
    mstOptimistic: no visible global function definition for 'combn'
    mstPessimistic: no visible global function definition for 'combn'
    mstRules: no visible global function definition for 'capture.output'
    plotCoreSet: no visible global function definition for 'points'
    plotCoreSet: no visible global function definition for 'polygon'
    plotImputationSet: no visible global function definition for 'par'
    plotImputationSet: no visible global function definition for 'box'
    plotImputationSet: no visible global function definition for 'polygon'
    plotImputationSet: no visible global function definition for 'text'
    shapleyValue: no visible global function definition for 'combn'
    Undefined global functions or variables:
     box capture.output combn legend par points polygon text
    Consider adding
     importFrom("graphics", "box", "legend", "par", "points", "polygon",
     "text")
     importFrom("utils", "capture.output", "combn")
    to your NAMESPACE file.
Flavors: r-devel-linux-x86_64-debian-clang, r-devel-linux-x86_64-debian-gcc, r-devel-linux-x86_64-fedora-clang, r-devel-linux-x86_64-fedora-gcc, r-devel-windows-x86_64, r-patched-linux-x86_64, r-release-linux-x86_64, r-release-macos-arm64, r-release-macos-x86_64, r-release-windows-x86_64, r-oldrel-macos-arm64, r-oldrel-macos-x86_64, r-oldrel-windows-ix86+x86_64