CRAN Package Check Results for Package control

Last updated on 2021-06-19 23:49:15 CEST.

Flavor Version Tinstall Tcheck Ttotal Status Flags
r-devel-linux-x86_64-debian-clang 0.2.5 5.26 51.10 56.36 NOTE
r-devel-linux-x86_64-debian-gcc 0.2.5 4.60 38.33 42.93 NOTE
r-devel-linux-x86_64-fedora-clang 0.2.5 76.95 NOTE
r-devel-linux-x86_64-fedora-gcc 0.2.5 65.70 NOTE
r-devel-windows-x86_64 0.2.5 8.00 62.00 70.00 NOTE
r-devel-windows-x86_64-gcc10-UCRT 0.2.5 NOTE
r-patched-linux-x86_64 0.2.5 6.31 48.99 55.30 NOTE
r-patched-solaris-x86 0.2.5 90.80 NOTE
r-release-linux-x86_64 0.2.5 5.12 48.53 53.65 NOTE
r-release-macos-arm64 0.2.5 NOTE
r-release-macos-x86_64 0.2.5 NOTE
r-release-windows-ix86+x86_64 0.2.5 9.00 73.00 82.00 NOTE
r-oldrel-macos-x86_64 0.2.5 OK
r-oldrel-windows-ix86+x86_64 0.2.5 7.00 72.00 79.00 OK

Check Details

Version: 0.2.5
Check: LazyData
Result: NOTE
     'LazyData' is specified without a 'data' directory
Flavors: r-devel-linux-x86_64-debian-clang, r-devel-linux-x86_64-debian-gcc, r-devel-linux-x86_64-fedora-clang, r-devel-linux-x86_64-fedora-gcc, r-devel-windows-x86_64, r-devel-windows-x86_64-gcc10-UCRT, r-patched-linux-x86_64, r-patched-solaris-x86, r-release-linux-x86_64, r-release-macos-arm64, r-release-macos-x86_64, r-release-windows-ix86+x86_64