CRAN Package Check Results for Package conquestr

Last updated on 2021-02-28 11:51:49 CET.

Flavor Version Tinstall Tcheck Ttotal Status Flags
r-devel-linux-x86_64-debian-clang 0.8.5 23.73 52.58 76.31 OK
r-devel-linux-x86_64-debian-gcc 0.8.5 15.91 39.41 55.32 OK
r-devel-linux-x86_64-fedora-clang 0.8.5 104.43 NOTE
r-devel-linux-x86_64-fedora-gcc 0.8.5 88.64 NOTE
r-devel-windows-ix86+x86_64 0.8.5 39.00 85.00 124.00 OK
r-patched-linux-x86_64 0.8.5 19.04 50.38 69.42 OK
r-patched-solaris-x86 0.8.5 108.40 NOTE
r-release-linux-x86_64 0.8.5 19.55 49.78 69.33 OK
r-release-macos-x86_64 0.8.5 NOTE
r-release-windows-ix86+x86_64 0.8.5 57.00 118.00 175.00 OK
r-oldrel-macos-x86_64 0.8.5 NOTE
r-oldrel-windows-ix86+x86_64 0.8.5 37.00 93.00 130.00 OK

Check Details

Version: 0.8.5
Check: dependencies in R code
Result: NOTE
    Namespace in Imports field not imported from: ‘reshape’
     All declared Imports should be used.
Flavors: r-devel-linux-x86_64-fedora-clang, r-devel-linux-x86_64-fedora-gcc, r-patched-solaris-x86, r-release-macos-x86_64, r-oldrel-macos-x86_64