CRAN Package Check Results for Package connectwidgets

Last updated on 2021-12-08 19:51:27 CET.

Flavor Version Tinstall Tcheck Ttotal Status Flags
r-devel-linux-x86_64-debian-clang 0.1.1 4.34 49.49 53.83 OK
r-devel-linux-x86_64-debian-gcc 0.1.1 2.95 37.75 40.70 OK
r-devel-linux-x86_64-fedora-clang 0.1.1 66.44 NOTE
r-devel-linux-x86_64-fedora-gcc 0.1.1 56.50 NOTE
r-devel-windows-x86_64-new-UL 0.1.1 15.00 84.00 99.00 OK
r-devel-windows-x86_64-new-TK 0.1.1 NOTE
r-devel-windows-x86_64-old 0.1.1 9.00 69.00 78.00 OK
r-patched-linux-x86_64 0.1.1 4.42 47.31 51.73 OK
r-release-linux-x86_64 0.1.1 4.54 47.14 51.68 OK
r-release-macos-arm64 0.1.1 NOTE
r-release-macos-x86_64 0.1.1 NOTE
r-release-windows-ix86+x86_64 0.1.1 8.00 57.00 65.00 OK
r-oldrel-macos-x86_64 0.1.1 NOTE
r-oldrel-windows-ix86+x86_64 0.1.1 9.00 65.00 74.00 OK

Check Details

Version: 0.1.1
Check: dependencies in R code
Result: NOTE
    Namespaces in Imports field not imported from:
     ‘R6’ ‘httr’ ‘jsonlite’
     All declared Imports should be used.
Flavors: r-devel-linux-x86_64-fedora-clang, r-devel-linux-x86_64-fedora-gcc, r-devel-windows-x86_64-new-TK, r-release-macos-arm64, r-release-macos-x86_64, r-oldrel-macos-x86_64