CRAN Package Check Results for Package conjurer

Last updated on 2021-06-20 03:48:21 CEST.

Flavor Version Tinstall Tcheck Ttotal Status Flags
r-devel-linux-x86_64-debian-clang 1.2.0 2.55 29.08 31.63 NOTE
r-devel-linux-x86_64-debian-gcc 1.2.0 1.99 23.10 25.09 NOTE
r-devel-linux-x86_64-fedora-clang 1.2.0 47.28 NOTE
r-devel-linux-x86_64-fedora-gcc 1.2.0 37.44 NOTE
r-devel-windows-x86_64 1.2.0 5.00 35.00 40.00 NOTE
r-devel-windows-x86_64-gcc10-UCRT 1.2.0 NOTE
r-patched-linux-x86_64 1.2.0 2.51 28.27 30.78 NOTE
r-patched-solaris-x86 1.2.0 58.10 NOTE
r-release-linux-x86_64 1.2.0 2.33 28.37 30.70 NOTE
r-release-macos-arm64 1.2.0 NOTE
r-release-macos-x86_64 1.2.0 NOTE
r-release-windows-ix86+x86_64 1.2.0 5.00 44.00 49.00 NOTE
r-oldrel-macos-x86_64 1.2.0 OK
r-oldrel-windows-ix86+x86_64 1.2.0 4.00 45.00 49.00 OK

Check Details

Version: 1.2.0
Check: LazyData
Result: NOTE
     'LazyData' is specified without a 'data' directory
Flavors: r-devel-linux-x86_64-debian-clang, r-devel-linux-x86_64-debian-gcc, r-devel-linux-x86_64-fedora-clang, r-devel-linux-x86_64-fedora-gcc, r-devel-windows-x86_64, r-devel-windows-x86_64-gcc10-UCRT, r-patched-linux-x86_64, r-patched-solaris-x86, r-release-linux-x86_64, r-release-macos-arm64, r-release-macos-x86_64, r-release-windows-ix86+x86_64