CRAN Package Check Results for Package confintr

Last updated on 2024-06-13 12:49:29 CEST.

Flavor Version Tinstall Tcheck Ttotal Status Flags
r-devel-linux-x86_64-debian-clang 1.0.2 2.29 81.40 83.69 OK
r-devel-linux-x86_64-debian-gcc 1.0.2 2.60 49.25 51.85 ERROR
r-devel-linux-x86_64-fedora-clang 1.0.2 104.68 OK
r-devel-linux-x86_64-fedora-gcc 1.0.2 113.66 OK
r-devel-windows-x86_64 1.0.2 4.00 88.00 92.00 OK
r-patched-linux-x86_64 1.0.2 4.37 76.70 81.07 OK
r-release-linux-x86_64 1.0.2 3.49 76.15 79.64 OK
r-release-macos-arm64 1.0.2 36.00 OK
r-release-macos-x86_64 1.0.2 59.00 OK
r-release-windows-x86_64 1.0.2 4.00 88.00 92.00 OK
r-oldrel-macos-arm64 1.0.2 52.00 OK
r-oldrel-macos-x86_64 1.0.2 104.00 OK
r-oldrel-windows-x86_64 1.0.2 4.00 94.00 98.00 OK

Check Details

Version: 1.0.2
Check: package dependencies
Result: NOTE Package suggested but not available for checking: ‘testthat’ Flavor: r-devel-linux-x86_64-debian-gcc

Version: 1.0.2
Check: tests
Result: ERROR Running ‘testthat.R’ [0s/1s] Running the tests in ‘tests/testthat.R’ failed. Complete output: > library(testthat) Error in library(testthat) : there is no package called 'testthat' Execution halted Flavor: r-devel-linux-x86_64-debian-gcc