CRAN Package Check Results for Package confinterpret

Last updated on 2021-06-16 19:49:42 CEST.

Flavor Version Tinstall Tcheck Ttotal Status Flags
r-devel-linux-x86_64-debian-clang 1.0.0 2.88 28.51 31.39 NOTE
r-devel-linux-x86_64-debian-gcc 1.0.0 2.33 22.18 24.51 NOTE
r-devel-linux-x86_64-fedora-clang 1.0.0 46.58 NOTE
r-devel-linux-x86_64-fedora-gcc 1.0.0 35.99 NOTE
r-devel-windows-x86_64 1.0.0 5.00 34.00 39.00 NOTE
r-devel-windows-x86_64-gcc10-UCRT 1.0.0 NOTE
r-patched-linux-x86_64 1.0.0 3.16 27.32 30.48 NOTE
r-patched-solaris-x86 1.0.0 53.30 NOTE
r-release-linux-x86_64 1.0.0 3.02 27.13 30.15 NOTE
r-release-macos-arm64 1.0.0 NOTE
r-release-macos-x86_64 1.0.0 NOTE
r-release-windows-ix86+x86_64 1.0.0 6.00 42.00 48.00 NOTE
r-oldrel-macos-x86_64 1.0.0 OK
r-oldrel-windows-ix86+x86_64 1.0.0 5.00 42.00 47.00 OK

Check Details

Version: 1.0.0
Check: LazyData
Result: NOTE
     'LazyData' is specified without a 'data' directory
Flavors: r-devel-linux-x86_64-debian-clang, r-devel-linux-x86_64-debian-gcc, r-devel-linux-x86_64-fedora-clang, r-devel-linux-x86_64-fedora-gcc, r-devel-windows-x86_64, r-devel-windows-x86_64-gcc10-UCRT, r-patched-linux-x86_64, r-patched-solaris-x86, r-release-linux-x86_64, r-release-macos-arm64, r-release-macos-x86_64, r-release-windows-ix86+x86_64