CRAN Package Check Results for Package condvis2

Last updated on 2021-09-18 19:49:27 CEST.

Flavor Version Tinstall Tcheck Ttotal Status Flags
r-devel-linux-x86_64-debian-clang 0.1.1 10.02 134.01 144.03 NOTE
r-devel-linux-x86_64-debian-gcc 0.1.1 8.01 98.09 106.10 NOTE
r-devel-linux-x86_64-fedora-clang 0.1.1 176.76 NOTE
r-devel-linux-x86_64-fedora-gcc 0.1.1 173.45 NOTE
r-devel-windows-x86_64 0.1.1 14.00 161.00 175.00 NOTE
r-devel-windows-x86_64-gcc10-UCRT 0.1.1 NOTE
r-patched-linux-x86_64 0.1.1 10.50 128.54 139.04 NOTE
r-patched-solaris-x86 0.1.1 206.30 NOTE
r-release-linux-x86_64 0.1.1 9.70 126.86 136.56 NOTE
r-release-macos-arm64 0.1.1 NOTE
r-release-macos-x86_64 0.1.1 NOTE
r-release-windows-ix86+x86_64 0.1.1 22.00 119.00 141.00 NOTE
r-oldrel-macos-x86_64 0.1.1 OK
r-oldrel-windows-ix86+x86_64 0.1.1 23.00 160.00 183.00 OK

Check Details

Version: 0.1.1
Check: LazyData
Result: NOTE
     'LazyData' is specified without a 'data' directory
Flavors: r-devel-linux-x86_64-debian-clang, r-devel-linux-x86_64-debian-gcc, r-devel-linux-x86_64-fedora-clang, r-devel-linux-x86_64-fedora-gcc, r-devel-windows-x86_64, r-devel-windows-x86_64-gcc10-UCRT, r-patched-linux-x86_64, r-patched-solaris-x86, r-release-linux-x86_64, r-release-macos-arm64, r-release-macos-x86_64, r-release-windows-ix86+x86_64