CRAN Package Check Results for Package conditionz

Last updated on 2021-09-21 07:49:59 CEST.

Flavor Version Tinstall Tcheck Ttotal Status Flags
r-devel-linux-x86_64-debian-clang 0.1.0 2.98 22.53 25.51 OK
r-devel-linux-x86_64-debian-gcc 0.1.0 2.10 17.78 19.88 OK
r-devel-linux-x86_64-fedora-clang 0.1.0 39.98 OK
r-devel-linux-x86_64-fedora-gcc 0.1.0 29.21 OK
r-devel-windows-x86_64 0.1.0 6.00 28.00 34.00 OK
r-devel-windows-x86_64-gcc10-UCRT 0.1.0 ERROR
r-patched-linux-x86_64 0.1.0 2.36 22.02 24.38 OK
r-patched-solaris-x86 0.1.0 45.80 OK
r-release-linux-x86_64 0.1.0 3.00 22.07 25.07 OK
r-release-macos-arm64 0.1.0 OK
r-release-macos-x86_64 0.1.0 OK
r-release-windows-ix86+x86_64 0.1.0 6.00 28.00 34.00 OK
r-oldrel-macos-x86_64 0.1.0 OK
r-oldrel-windows-ix86+x86_64 0.1.0 6.00 30.00 36.00 OK

Check Details

Version: 0.1.0
Check: whether package can be installed
Result: WARN
    Found the following significant warnings:
     WARNING: installation-time patches will not be applied, could not get the patches index
Flavor: r-devel-windows-x86_64-gcc10-UCRT

Version: 0.1.0
Check: PDF version of manual
Result: WARN
    LaTeX errors when creating PDF version.
    This typically indicates Rd problems.
Flavor: r-devel-windows-x86_64-gcc10-UCRT

Version: 0.1.0
Check: PDF version of manual without hyperrefs or index
Result: ERROR
    Re-running with no redirection of stdout/stderr.
Flavor: r-devel-windows-x86_64-gcc10-UCRT