Last updated on 2021-03-09 07:49:35 CET.
Flavor | Version | Tinstall | Tcheck | Ttotal | Status | Flags |
---|---|---|---|---|---|---|
r-devel-linux-x86_64-debian-clang | 2.0.0 | 12.82 | 64.15 | 76.97 | OK | |
r-devel-linux-x86_64-debian-gcc | 2.0.0 | 9.42 | 49.09 | 58.51 | OK | |
r-devel-linux-x86_64-fedora-clang | 2.0.0 | 101.01 | NOTE | |||
r-devel-linux-x86_64-fedora-gcc | 2.0.0 | 89.98 | NOTE | |||
r-devel-windows-ix86+x86_64 | 2.0.0 | 24.00 | 63.00 | 87.00 | OK | |
r-devel-windows-x86_64-gcc10-UCRT | 2.0.0 | NOTE | ||||
r-patched-linux-x86_64 | 2.0.0 | 11.74 | 61.13 | 72.87 | OK | |
r-patched-solaris-x86 | 2.0.0 | 129.40 | NOTE | |||
r-release-linux-x86_64 | 2.0.0 | 11.91 | 60.97 | 72.88 | OK | |
r-release-macos-x86_64 | 2.0.0 | NOTE | ||||
r-release-windows-ix86+x86_64 | 2.0.0 | 17.00 | 62.00 | 79.00 | OK | |
r-oldrel-macos-x86_64 | 2.0.0 | NOTE | ||||
r-oldrel-windows-ix86+x86_64 | 2.0.0 | 17.00 | 57.00 | 74.00 | OK |
Version: 2.0.0
Check: data for non-ASCII characters
Result: NOTE
Note: found 92 marked UTF-8 strings
Flavors: r-devel-linux-x86_64-fedora-clang, r-devel-linux-x86_64-fedora-gcc, r-devel-windows-x86_64-gcc10-UCRT, r-patched-solaris-x86, r-release-macos-x86_64, r-oldrel-macos-x86_64