CRAN Package Check Results for Package con2lki

Last updated on 2022-01-27 04:05:17 CET.

Flavor Version Tinstall Tcheck Ttotal Status Flags
r-devel-linux-x86_64-debian-clang 0.1.0 1.54 30.24 31.78 NOTE
r-devel-linux-x86_64-debian-gcc 0.1.0 1.49 23.81 25.30 NOTE
r-devel-linux-x86_64-fedora-clang 0.1.0 39.37 NOTE
r-devel-linux-x86_64-fedora-gcc 0.1.0 28.35 NOTE
r-devel-windows-x86_64-new-UL 0.1.0 19.00 49.00 68.00 NOTE
r-devel-windows-x86_64-new-TK 0.1.0 NOTE
r-patched-linux-x86_64 0.1.0 1.19 28.57 29.76 NOTE
r-release-linux-x86_64 0.1.0 1.35 27.82 29.17 NOTE
r-release-macos-arm64 0.1.0 NOTE
r-release-macos-x86_64 0.1.0 NOTE
r-release-windows-ix86+x86_64 0.1.0 4.00 38.00 42.00 NOTE
r-oldrel-macos-x86_64 0.1.0 OK
r-oldrel-windows-ix86+x86_64 0.1.0 5.00 37.00 42.00 OK

Check Details

Version: 0.1.0
Check: LazyData
Result: NOTE
     'LazyData' is specified without a 'data' directory
Flavors: r-devel-linux-x86_64-debian-clang, r-devel-linux-x86_64-debian-gcc, r-devel-linux-x86_64-fedora-clang, r-devel-linux-x86_64-fedora-gcc, r-devel-windows-x86_64-new-UL, r-devel-windows-x86_64-new-TK, r-patched-linux-x86_64, r-release-linux-x86_64, r-release-macos-arm64, r-release-macos-x86_64, r-release-windows-ix86+x86_64