CRAN Package Check Results for Package compas

Last updated on 2021-06-12 23:49:03 CEST.

Flavor Version Tinstall Tcheck Ttotal Status Flags
r-devel-linux-x86_64-debian-clang 0.1 99.67 29.01 128.68 OK
r-devel-linux-x86_64-debian-gcc 0.1 73.42 26.03 99.45 OK
r-devel-linux-x86_64-fedora-clang 0.1 186.02 NOTE
r-devel-linux-x86_64-fedora-gcc 0.1 168.19 OK
r-devel-windows-x86_64 0.1 108.00 56.00 164.00 OK
r-devel-windows-x86_64-gcc10-UCRT 0.1 OK
r-patched-linux-x86_64 0.1 83.33 32.11 115.44 OK
r-patched-solaris-x86 0.1 159.00 OK
r-release-linux-x86_64 0.1 85.45 31.81 117.26 OK
r-release-macos-arm64 0.1 NOTE
r-release-macos-x86_64 0.1 NOTE
r-release-windows-ix86+x86_64 0.1 152.00 80.00 232.00 OK
r-oldrel-macos-x86_64 0.1 NOTE
r-oldrel-windows-ix86+x86_64 0.1 144.00 77.00 221.00 OK

Check Details

Version: 0.1
Check: installed package size
Result: NOTE
     installed size is 27.7Mb
     sub-directories of 1Mb or more:
     R 1.5Mb
     libs 26.0Mb
Flavors: r-devel-linux-x86_64-fedora-clang, r-release-macos-arm64, r-release-macos-x86_64, r-oldrel-macos-x86_64