CRAN Package Check Results for Package compare

Last updated on 2024-02-20 23:53:50 CET.

Flavor Version Tinstall Tcheck Ttotal Status Flags
r-devel-linux-x86_64-debian-clang 0.2-6 OK
r-devel-linux-x86_64-debian-gcc 0.2-6 2.42 32.68 35.10 OK
r-devel-linux-x86_64-fedora-clang 0.2-6 58.66 OK
r-devel-linux-x86_64-fedora-gcc 0.2-6 68.23 OK
r-devel-windows-x86_64 0.2-6 5.00 80.00 85.00 OK
r-patched-linux-x86_64 0.2-6 4.63 41.57 46.20 OK
r-release-linux-x86_64 0.2-6 3.35 41.37 44.72 OK
r-release-macos-arm64 0.2-6 30.00 OK
r-release-macos-x86_64 0.2-6 37.00 NOTE
r-release-windows-x86_64 0.2-6 4.00 75.00 79.00 OK
r-oldrel-macos-arm64 0.2-6 27.00 OK
r-oldrel-windows-x86_64 0.2-6 12.00 89.00 101.00 OK

Check Details

Version: 0.2-6
Check: re-building of vignette outputs
Result: NOTE Error(s) in re-building vignettes: --- re-building ‘compare-intro.Rnw’ using Sweave Error: processing vignette 'compare-intro.Rnw' failed with diagnostics: Running 'texi2dvi' on 'compare-intro.tex' failed. LaTeX errors: ! LaTeX Error: File `boxedminipage.sty' not found. Type X to quit or <RETURN> to proceed, or enter new name. (Default extension: sty) ! Emergency stop. <read *> l.4 \usepackage {hyperref} % for \url^^M ! ==> Fatal error occurred, no output PDF file produced! --- failed re-building ‘compare-intro.Rnw’ --- re-building ‘fundamentals.Rnw’ using Sweave Attaching package: ‘compare’ The following object is masked from ‘package:base’: isTRUE --- finished re-building ‘fundamentals.Rnw’ SUMMARY: processing the following file failed: ‘compare-intro.Rnw’ Error: Vignette re-building failed. Execution halted Flavor: r-release-macos-x86_64