CRAN Package Check Results for Package commonsMath

Last updated on 2021-06-18 15:50:21 CEST.

Flavor Version Tinstall Tcheck Ttotal Status Flags
r-devel-linux-x86_64-debian-clang 1.2.5 2.10 103.62 105.72 OK
r-devel-linux-x86_64-debian-gcc 1.2.5 1.74 80.92 82.66 OK
r-devel-linux-x86_64-fedora-clang 1.2.5 41.32 OK
r-devel-linux-x86_64-fedora-gcc 1.2.5 31.35 OK
r-devel-windows-x86_64 1.2.5 65.00 7.00 72.00 ERROR
r-devel-windows-x86_64-gcc10-UCRT 1.2.5 ERROR
r-patched-linux-x86_64 1.2.5 1.97 102.55 104.52 OK
r-patched-solaris-x86 1.2.5 51.50 NOTE
r-release-linux-x86_64 1.2.5 2.01 104.12 106.13 OK
r-release-macos-arm64 1.2.5 WARN
r-release-macos-x86_64 1.2.5 OK
r-release-windows-ix86+x86_64 1.2.5 7.00 163.00 170.00 OK
r-oldrel-macos-x86_64 1.2.5 OK
r-oldrel-windows-ix86+x86_64 1.2.5 6.00 161.00 167.00 OK

Check Details

Version: 1.2.5
Check: whether package can be installed
Result: ERROR
    Installation failed.
Flavors: r-devel-windows-x86_64, r-devel-windows-x86_64-gcc10-UCRT

Version: 1.2.5
Check: package dependencies
Result: NOTE
    Package suggested but not available for checking: ‘rscala’
Flavor: r-patched-solaris-x86

Version: 1.2.5
Check: installed package size
Result: NOTE
     installed size is 5.4Mb
     sub-directories of 1Mb or more:
     java 5.3Mb
Flavor: r-release-macos-arm64

Version: 1.2.5
Check: re-building of vignette outputs
Result: WARN
    Error(s) in re-building vignettes:
     ...
    --- re-building ‘commonsMath.Rmd’ using rmarkdown
    Warning in engine$weave(file, quiet = quiet, encoding = enc) :
     Pandoc (>= 1.12.3) not available. Falling back to R Markdown v1.
Flavor: r-release-macos-arm64