CRAN Package Check Results for Package combinat

Last updated on 2024-06-17 11:57:23 CEST.

Flavor Version Tinstall Tcheck Ttotal Status Flags
r-devel-linux-x86_64-debian-clang 0.0-8 2.23 22.25 24.48 NOTE
r-devel-linux-x86_64-debian-gcc 0.0-8 1.72 17.45 19.17 NOTE
r-devel-linux-x86_64-fedora-clang 0.0-8 30.61 NOTE
r-devel-linux-x86_64-fedora-gcc 0.0-8 30.72 NOTE
r-devel-windows-x86_64 0.0-8 3.00 37.00 40.00 NOTE
r-patched-linux-x86_64 0.0-8 1.84 21.35 23.19 NOTE
r-release-linux-x86_64 0.0-8 1.80 21.87 23.67 NOTE
r-release-macos-arm64 0.0-8 16.00 NOTE
r-release-macos-x86_64 0.0-8 20.00 NOTE
r-release-windows-x86_64 0.0-8 3.00 37.00 40.00 NOTE
r-oldrel-macos-arm64 0.0-8 16.00 NOTE
r-oldrel-macos-x86_64 0.0-8 19.00 NOTE
r-oldrel-windows-x86_64 0.0-8 3.00 37.00 40.00 NOTE

Check Details

Version: 0.0-8
Check: DESCRIPTION meta-information
Result: NOTE Malformed Description field: should contain one or more complete sentences. Flavors: r-devel-linux-x86_64-debian-clang, r-devel-linux-x86_64-debian-gcc, r-devel-linux-x86_64-fedora-clang, r-devel-linux-x86_64-fedora-gcc, r-devel-windows-x86_64, r-patched-linux-x86_64, r-release-linux-x86_64, r-release-macos-arm64, r-release-macos-x86_64, r-release-windows-x86_64, r-oldrel-macos-arm64, r-oldrel-macos-x86_64, r-oldrel-windows-x86_64

Version: 0.0-8
Check: Rd files
Result: NOTE checkRd: (-1) xsimplex.Rd:6: Lost braces; missing escapes or markup? 6 | Generates all points on a {p,n} simplex lattice (i.e. a p-part | ^ Flavors: r-devel-linux-x86_64-debian-clang, r-devel-linux-x86_64-debian-gcc, r-devel-linux-x86_64-fedora-clang, r-devel-linux-x86_64-fedora-gcc, r-devel-windows-x86_64, r-patched-linux-x86_64, r-release-linux-x86_64, r-release-macos-arm64, r-release-macos-x86_64, r-release-windows-x86_64