Last updated on 2022-05-24 23:53:04 CEST.
Flavor | Version | Tinstall | Tcheck | Ttotal | Status | Flags |
---|---|---|---|---|---|---|
r-devel-linux-x86_64-debian-clang | 0.1.1 | 1.75 | 33.03 | 34.78 | OK | |
r-devel-linux-x86_64-debian-gcc | 0.1.1 | 1.75 | 25.54 | 27.29 | OK | |
r-devel-linux-x86_64-fedora-clang | 0.1.1 | 43.69 | NOTE | |||
r-devel-linux-x86_64-fedora-gcc | 0.1.1 | 41.67 | NOTE | |||
r-devel-windows-x86_64 | 0.1.1 | 17.00 | 52.00 | 69.00 | OK | |
r-patched-linux-x86_64 | 0.1.1 | 2.14 | 31.94 | 34.08 | OK | |
r-release-linux-x86_64 | 0.1.1 | OK | ||||
r-release-macos-arm64 | 0.1.1 | 15.00 | NOTE | |||
r-release-macos-x86_64 | 0.1.1 | 21.00 | NOTE | |||
r-release-windows-x86_64 | 0.1.1 | 16.00 | 47.00 | 63.00 | OK | |
r-oldrel-macos-arm64 | 0.1.1 | 22.00 | NOTE | |||
r-oldrel-macos-x86_64 | 0.1.1 | 26.00 | NOTE | |||
r-oldrel-windows-ix86+x86_64 | 0.1.1 | 6.00 | 44.00 | 50.00 | OK |
Version: 0.1.1
Check: dependencies in R code
Result: NOTE
Namespace in Imports field not imported from: ‘crayon’
All declared Imports should be used.
Flavors: r-devel-linux-x86_64-fedora-clang, r-devel-linux-x86_64-fedora-gcc, r-release-macos-arm64, r-release-macos-x86_64, r-oldrel-macos-arm64, r-oldrel-macos-x86_64