CRAN Package Check Results for Package colormap

Last updated on 2024-06-13 16:49:03 CEST.

Flavor Version Tinstall Tcheck Ttotal Status Flags
r-devel-linux-x86_64-debian-clang 0.1.4 2.71 36.03 38.74 NOTE
r-devel-linux-x86_64-debian-gcc 0.1.4 0.35 1.70 2.05 ERROR
r-devel-linux-x86_64-fedora-clang 0.1.4 46.90 NOTE
r-devel-linux-x86_64-fedora-gcc 0.1.4 44.80 NOTE
r-devel-windows-x86_64 0.1.4 4.00 47.00 51.00 NOTE
r-patched-linux-x86_64 0.1.4 2.28 33.51 35.79 NOTE
r-release-linux-x86_64 0.1.4 2.84 34.52 37.36 NOTE
r-release-macos-arm64 0.1.4 20.00 NOTE
r-release-macos-x86_64 0.1.4 28.00 NOTE
r-release-windows-x86_64 0.1.4 4.00 48.00 52.00 NOTE
r-oldrel-macos-arm64 0.1.4 20.00 NOTE
r-oldrel-macos-x86_64 0.1.4 28.00 NOTE
r-oldrel-windows-x86_64 0.1.4 4.00 51.00 55.00 NOTE

Check Details

Version: 0.1.4
Check: LazyData
Result: NOTE 'LazyData' is specified without a 'data' directory Flavors: r-devel-linux-x86_64-debian-clang, r-devel-linux-x86_64-fedora-clang, r-devel-linux-x86_64-fedora-gcc, r-devel-windows-x86_64, r-patched-linux-x86_64, r-release-linux-x86_64, r-release-macos-arm64, r-release-macos-x86_64, r-release-windows-x86_64, r-oldrel-macos-arm64, r-oldrel-macos-x86_64, r-oldrel-windows-x86_64

Version: 0.1.4
Check: package dependencies
Result: ERROR Packages required but not available: 'stringr', 'ggplot2' Package suggested but not available for checking: ‘testthat’ See section ‘The DESCRIPTION file’ in the ‘Writing R Extensions’ manual. Flavor: r-devel-linux-x86_64-debian-gcc