CRAN Package Check Results for Package collUtils

Last updated on 2021-06-12 23:49:03 CEST.

Flavor Version Tinstall Tcheck Ttotal Status Flags
r-devel-linux-x86_64-debian-clang 1.0.5 23.73 38.10 61.83 OK
r-devel-linux-x86_64-debian-gcc 1.0.5 15.31 29.58 44.89 OK
r-devel-linux-x86_64-fedora-clang 1.0.5 101.61 NOTE
r-devel-linux-x86_64-fedora-gcc 1.0.5 77.08 NOTE
r-devel-windows-x86_64 1.0.5 32.00 65.00 97.00 OK
r-devel-windows-x86_64-gcc10-UCRT 1.0.5 OK
r-patched-linux-x86_64 1.0.5 19.68 37.40 57.08 OK
r-patched-solaris-x86 1.0.5 97.00 OK
r-release-linux-x86_64 1.0.5 17.49 37.44 54.93 OK
r-release-macos-arm64 1.0.5 ERROR
r-release-macos-x86_64 1.0.5 OK
r-release-windows-ix86+x86_64 1.0.5 50.00 88.00 138.00 OK
r-oldrel-macos-x86_64 1.0.5 OK
r-oldrel-windows-ix86+x86_64 1.0.5 49.00 87.00 136.00 OK

Check Details

Version: 1.0.5
Check: compiled code
Result: NOTE
    File ‘collUtils/libs/collUtils.so’:
     Found no calls to: ‘R_registerRoutines’, ‘R_useDynamicSymbols’
    
    It is good practice to register native routines and to disable symbol
    search.
    
    See ‘Writing portable packages’ in the ‘Writing R Extensions’ manual.
Flavors: r-devel-linux-x86_64-fedora-clang, r-devel-linux-x86_64-fedora-gcc

Version: 1.0.5
Check: whether package can be installed
Result: ERROR
    Installation failed.
Flavor: r-release-macos-arm64