Last updated on 2023-02-05 07:57:16 CET.
Flavor | Version | Tinstall | Tcheck | Ttotal | Status | Flags |
---|---|---|---|---|---|---|
r-devel-linux-x86_64-debian-clang | 0.1 | 8.24 | 92.84 | 101.08 | OK | |
r-devel-linux-x86_64-debian-gcc | 0.1 | 7.04 | 68.68 | 75.72 | OK | |
r-devel-linux-x86_64-fedora-clang | 0.1 | 131.11 | NOTE | |||
r-devel-linux-x86_64-fedora-gcc | 0.1 | 130.92 | NOTE | |||
r-devel-windows-x86_64 | 0.1 | 68.00 | 149.00 | 217.00 | OK | |
r-patched-linux-x86_64 | 0.1 | 9.80 | 87.38 | 97.18 | OK | |
r-release-linux-x86_64 | 0.1 | 8.02 | 74.71 | 82.73 | OK | |
r-release-macos-arm64 | 0.1 | 39.00 | NOTE | |||
r-release-macos-x86_64 | 0.1 | 54.00 | NOTE | |||
r-release-windows-x86_64 | 0.1 | 112.00 | 149.00 | 261.00 | OK | |
r-oldrel-macos-arm64 | 0.1 | 43.00 | NOTE | |||
r-oldrel-macos-x86_64 | 0.1 | 59.00 | NOTE | |||
r-oldrel-windows-ix86+x86_64 | 0.1 | 18.00 | 117.00 | 135.00 | OK |
Version: 0.1
Check: dependencies in R code
Result: NOTE
Namespaces in Imports field not imported from:
‘R6’ ‘formatR’ ‘jsonlite’ ‘yaml’
All declared Imports should be used.
Flavors: r-devel-linux-x86_64-fedora-clang, r-devel-linux-x86_64-fedora-gcc, r-release-macos-arm64, r-release-macos-x86_64, r-oldrel-macos-arm64, r-oldrel-macos-x86_64